{"id":842,"date":"2017-09-06T11:56:23","date_gmt":"2017-09-06T09:56:23","guid":{"rendered":"http:\/\/www.gymnasium-wanne.de\/wordpress\/?page_id=842"},"modified":"2025-11-06T14:17:25","modified_gmt":"2025-11-06T13:17:25","slug":"gymnasiale-oberstufe-jahrgangsstufen-ef-q1-und-q2","status":"publish","type":"page","link":"https:\/\/www.gymnasium-wanne.de\/wordpress\/informationen\/schulorganganisation\/gymnasiale-oberstufe-jahrgangsstufen-ef-q1-und-q2\/","title":{"rendered":"Gymnasiale Oberstufe (Jahrgangsstufen EF, Q1 und Q2)"},"content":{"rendered":"\n<p class=\"has-medium-font-size\">Koordination: Frau Vooren, Herr Gerkensmeier, Herr Querner, Frau Janicki, Frau Naulls<\/p>\n\n\n\n<figure class=\"wp-block-image size-large\"><img loading=\"lazy\" decoding=\"async\" width=\"1024\" height=\"683\" src=\"https:\/\/www.gymnasium-wanne.de\/wordpress\/wp-content\/uploads\/2025\/11\/IMG_9519-1024x683.jpg\" alt=\"\" class=\"wp-image-4540\" srcset=\"https:\/\/www.gymnasium-wanne.de\/wordpress\/wp-content\/uploads\/2025\/11\/IMG_9519-1024x683.jpg 1024w, https:\/\/www.gymnasium-wanne.de\/wordpress\/wp-content\/uploads\/2025\/11\/IMG_9519-300x200.jpg 300w, https:\/\/www.gymnasium-wanne.de\/wordpress\/wp-content\/uploads\/2025\/11\/IMG_9519-768x512.jpg 768w, https:\/\/www.gymnasium-wanne.de\/wordpress\/wp-content\/uploads\/2025\/11\/IMG_9519-1536x1024.jpg 1536w, https:\/\/www.gymnasium-wanne.de\/wordpress\/wp-content\/uploads\/2025\/11\/IMG_9519-2048x1365.jpg 2048w\" sizes=\"auto, (max-width: 1024px) 100vw, 1024px\" \/><\/figure>\n\n\n<p>Der Wechsel in die gymnasiale Oberstufe ist ein wichtiger Schritt zur Vorbereitung auf die Anforderungen in Studium oder Beruf, die nach der Schullaufbahn an die Sch\u00fclerinnen und Sch\u00fcler gestellt werden. Die Eigenverantwortlichkeit in der Unterrichtsorganisation nimmt zu, es k\u00f6nnen neue F\u00e4cher gew\u00e4hlt werden und es gibt keinen Klassenverband mehr.<\/p>\n<p>Das Gymnasium Wanne zeichnet sich durch eine besonders intensive Beratungst\u00e4tigkeit in der Oberstufe aus, sodass die Beratungslehrkr\u00e4fte des Oberstufenteams in allen drei Jahrgangsstufen den Sch\u00fclerinnen und Sch\u00fclern bei individuellen Fragen zur Laufbahn, Problemen im Unterricht und weiteren Fragen zur Oberstufe mit Rat und Tat zur Seite stehen. Es existieren t\u00e4gliche Sprechzeiten, in denen die Sch\u00fclerinnen und Sch\u00fcler mit ihren Sorgen und N\u00f6ten am Oberstufenb\u00fcro vorbeikommen k\u00f6nnen.<\/p>\n<p>Am Ende der Jahrgangsstufe 9 finden Informationsveranstaltungen zur Oberstufe f\u00fcr Eltern und Sch\u00fclerinnen und Sch\u00fcler zu F\u00e4chern, Laufbahnen, Abschl\u00fcssen und F\u00e4cherwahlen statt. Die Planung der Schullaufbahn erfolgt dabei mit dem Programm LUPO und wird erg\u00e4nzt durch eine individuelle Einzelberatung durch das Oberstufenteam.<\/p>\n<p>In der Einf\u00fchrungsphase werden elf F\u00e4cher und ein Vertiefungskurs gew\u00e4hlt, darunter Pflichtkurse wie Deutsch, Mathematik, Englisch, Kunst oder Musik, eine Gesellschaftswissenschaft, eine Naturwissenschaft, Religion oder Philosophie, Sport und weitere Wahlf\u00e4cher. Neue F\u00e4cher in der Oberstufe sind Sozialwissenschaften, Psychologie, P\u00e4dagogik, Philosophie und Spanisch. Hinzu kommen Vertiefungskurse um m\u00f6gliche L\u00fccken in den Hauptf\u00e4chern zu schlie\u00dfen. Zur Einf\u00fchrung in die Oberstufenorganisation und die entsprechenden Formalit\u00e4ten findet zu Beginn des Schuljahres ein dreit\u00e4giges Seminar statt. Ebenso absolvieren die Sch\u00fclerinnen und Sch\u00fcler der Jahrgangsstufe EF ein dreiw\u00f6chiges Sch\u00fclerbetriebspraktikum mit Vor- und Nachbereitung durch die Studien- und Berufsberaterinnen. Am Ende der Einf\u00fchrungsphase erlangen die Sch\u00fclerinnen und Sch\u00fcler mit der Versetzung in die Qualifikationsphase den mittleren Bildungsabschluss.<\/p>\n<p>F\u00fcr einen gelungenen Wechsel in die Qualifikationsphase 1 finden am Ende der Einf\u00fchrungsphase Beratungen bei den F\u00e4cherwahlen zur Qualifikationsphase statt, da Leistungskurse und Grundkurse festgelegt werden m\u00fcssen, die unterschiedliche Ber\u00fccksichtigung in den Abiturberechnungen finden. Als Besonderheit werden am Gymnasium Wanne Leistungskurse auch in den F\u00e4chern Psychologie, Sport und P\u00e4dagogik angeboten. Im Grundkursbereich kommt als neues Angebot das Fach Literatur mit Theaterauff\u00fchrungen oder Filmproduktionen hinzu. Das Ziel der bei Sch\u00fclerinnen und Sch\u00fclern beliebten Studienfahrt wird entsprechend der Leistungskurse zugeordnet: der Sport-Leistungskurs geht Skifahren, der Biologie-Leistungskurs f\u00e4hrt ans Meer und der Englisch-Leistungskurs nat\u00fcrlich nach England. Ebenso ist in der Qualifikationsphase 1 eine Facharbeit in einem Fach der eigenen Wahl anzufertigen. Sie soll die Sch\u00fclerinnen und Sch\u00fcler in das wissenschaftliche Arbeiten an der Universit\u00e4t einf\u00fchren. Mit entsprechenden Noten erlangen die Sch\u00fclerinnen und Sch\u00fcler am Ende der Qualifikationsphase 1\u00a0 den schulischen Teil der Fachhochschulreife.<\/p>\n<p>Vor dem Wechsel in die Qualifikationsphase 2 erfolgen Beratungen zur Wahl der Abiturf\u00e4cher im dritten und vierten Abiturfach, zu Wiederholung oder Abgang mit schulischem Teil der Fachhochschulreife statt und die Sch\u00fclerinnen und Sch\u00fcler erhalten alle wichtigen Information zur Abiturpr\u00fcfung und zum Bestehen des Abiturs.<\/p>","protected":false},"excerpt":{"rendered":"<p>Koordination: Frau Vooren, Herr Gerkensmeier, Herr Querner, Frau Janicki, Frau Naulls Der Wechsel in die gymnasiale Oberstufe ist ein wichtiger Schritt zur Vorbereitung auf die Anforderungen in Studium oder Beruf, die nach der Schullaufbahn an die Sch\u00fclerinnen und Sch\u00fcler gestellt &hellip; <a href=\"https:\/\/www.gymnasium-wanne.de\/wordpress\/informationen\/schulorganganisation\/gymnasiale-oberstufe-jahrgangsstufen-ef-q1-und-q2\/\">Weiter<\/a><\/p>\n","protected":false},"author":2,"featured_media":0,"parent":239,"menu_order":0,"comment_status":"closed","ping_status":"closed","template":"","meta":{"footnotes":""},"class_list":["post-842","page","type-page","status-publish","hentry"],"publishpress_future_action":{"enabled":false,"date":"2026-05-12 12:41:40","action":"change-status","newStatus":"draft","terms":[],"taxonomy":"","extraData":[]},"publishpress_future_workflow_manual_trigger":{"enabledWorkflows":[]},"_links":{"self":[{"href":"https:\/\/www.gymnasium-wanne.de\/wordpress\/wp-json\/wp\/v2\/pages\/842","targetHints":{"allow":["GET"]}}],"collection":[{"href":"https:\/\/www.gymnasium-wanne.de\/wordpress\/wp-json\/wp\/v2\/pages"}],"about":[{"href":"https:\/\/www.gymnasium-wanne.de\/wordpress\/wp-json\/wp\/v2\/types\/page"}],"author":[{"embeddable":true,"href":"https:\/\/www.gymnasium-wanne.de\/wordpress\/wp-json\/wp\/v2\/users\/2"}],"replies":[{"embeddable":true,"href":"https:\/\/www.gymnasium-wanne.de\/wordpress\/wp-json\/wp\/v2\/comments?post=842"}],"version-history":[{"count":3,"href":"https:\/\/www.gymnasium-wanne.de\/wordpress\/wp-json\/wp\/v2\/pages\/842\/revisions"}],"predecessor-version":[{"id":4590,"href":"https:\/\/www.gymnasium-wanne.de\/wordpress\/wp-json\/wp\/v2\/pages\/842\/revisions\/4590"}],"up":[{"embeddable":true,"href":"https:\/\/www.gymnasium-wanne.de\/wordpress\/wp-json\/wp\/v2\/pages\/239"}],"wp:attachment":[{"href":"https:\/\/www.gymnasium-wanne.de\/wordpress\/wp-json\/wp\/v2\/media?parent=842"}],"curies":[{"name":"wp","href":"https:\/\/api.w.org\/{rel}","templated":true}]}}