{"id":2987,"date":"2020-11-01T15:05:47","date_gmt":"2020-11-01T14:05:47","guid":{"rendered":"https:\/\/www.gymnasium-wanne.de\/wordpress\/?page_id=2987"},"modified":"2021-02-18T14:13:10","modified_gmt":"2021-02-18T13:13:10","slug":"lernenaufdistanz","status":"publish","type":"page","link":"https:\/\/www.gymnasium-wanne.de\/wordpress\/informationen\/schulorganganisation\/lernenaufdistanz\/","title":{"rendered":"Lernen auf Distanz"},"content":{"rendered":"\n<p class=\"has-normal-font-size\">Lesen Sie\u00a0<strong><a href=\"https:\/\/www.gymnasium-wanne.de\/wordpress\/wp-content\/uploads\/2021\/01\/Konzept-Lernen-auf-Distanz-Gymnasium-Wanne-neu1.pdf\">hier<\/a><\/strong> unser Konzept f\u00fcr das Lernen auf Distanz.<\/p>\n\n\n\n<p class=\"has-normal-font-size\"><strong>Regeln zur Durchf\u00fchrung von Videokonferenzen<\/strong><\/p>\n\n\n\n<p class=\"has-normal-font-size\"><strong>Vor der Videokonferenz<\/strong><\/p>\n\n\n\n<ol class=\"wp-block-list\" type=\"1\"><li>Habt euer Handy \/ euren Computer einsatzbereit. <\/li><li>W\u00e4hlt einen ruhigen gut beleuchteten Ort f\u00fcr die Videokonferenz, an dem eure Privatsph\u00e4re gesch\u00fctzt ist. Videokonferenzprogramme bieten zudem die M\u00f6glichkeit, den Hintergrund unscharf zu stellen.&nbsp;<\/li><li>Habt eure Materialien griffbereit.<\/li><\/ol>\n\n\n\n<p class=\"has-normal-font-size\"><strong>W\u00e4hrend der Videokonferenz<\/strong><\/p>\n\n\n\n<ol class=\"wp-block-list\" type=\"1\"><li>Klickt in Teams den Link zur Videokonferenz in eurem Kurs-Chat oder im Kalender an, um an der Videokonferenz teilzunehmen.<\/li><li>Kontrolliert eure Kamera und euer Mikrofon auf ihre Funktion und macht euch auch damit vertraut, wo man Kamera und Mikrofon im Videokonferenzprogramm ausschalten kann.<\/li><li>Schaltet euer Mikrofon dann auf \u201estumm\u201c und wartet, bis ihr h\u00f6rt, wie weiter vorgegangen wird.&nbsp;<\/li><li>Fragen m\u00fcssen nicht immer m\u00fcndlich gestellt werden, man kann hierf\u00fcr auch das Chatfenster nutzen.<\/li><li>Teams hat eine Meldefunktion, so dass ihr euch -wie im Unterricht- meldet und dann vom Lehrer aufgerufen werdet.<\/li><li>Der eigene Bildschirm oder Links in das Internet d\u00fcrfen in der Videokonferenz nur dann mit den anderen geteilt werden, wenn dies ausdr\u00fccklich erlaubt wurde.<\/li><\/ol>\n\n\n\n<p class=\"has-normal-font-size\"><strong>WICHTIG:<\/strong>&nbsp;Es ist nicht erlaubt, w\u00e4hrend einer Videokonferenz Audio-, Video- oder Bildaufnahmen der Teilnehmer zu machen. Dies verst\u00f6\u00dft u.a. gegen&nbsp;<a href=\"https:\/\/dejure.org\/gesetze\/KunstUrhG\/22.html\" target=\"_blank\" rel=\"noreferrer noopener\">\u00a7 22 Satz 1 KunstUrhG<\/a>&nbsp;(Recht am eigenen Bild), \u00a7201 StGB (Verletzung des h\u00f6chstpers\u00f6nlichen Lebensbereiches durch unbefugte Herstellung und Verwendung von Bildaufnahmen).<\/p>\n","protected":false},"excerpt":{"rendered":"<p>Lesen Sie\u00a0hier unser Konzept f\u00fcr das Lernen auf Distanz. Regeln zur Durchf\u00fchrung von Videokonferenzen Vor der Videokonferenz Habt euer Handy \/ euren Computer einsatzbereit. W\u00e4hlt einen ruhigen gut beleuchteten Ort f\u00fcr die Videokonferenz, an dem eure Privatsph\u00e4re gesch\u00fctzt ist. Videokonferenzprogramme &hellip; <a href=\"https:\/\/www.gymnasium-wanne.de\/wordpress\/informationen\/schulorganganisation\/lernenaufdistanz\/\">Weiter<\/a><\/p>\n","protected":false},"author":2,"featured_media":0,"parent":239,"menu_order":0,"comment_status":"closed","ping_status":"closed","template":"","meta":{"footnotes":""},"class_list":["post-2987","page","type-page","status-publish","hentry"],"publishpress_future_action":{"enabled":false,"date":"2026-05-12 12:41:28","action":"change-status","newStatus":"draft","terms":[],"taxonomy":"","extraData":[]},"publishpress_future_workflow_manual_trigger":{"enabledWorkflows":[]},"_links":{"self":[{"href":"https:\/\/www.gymnasium-wanne.de\/wordpress\/wp-json\/wp\/v2\/pages\/2987","targetHints":{"allow":["GET"]}}],"collection":[{"href":"https:\/\/www.gymnasium-wanne.de\/wordpress\/wp-json\/wp\/v2\/pages"}],"about":[{"href":"https:\/\/www.gymnasium-wanne.de\/wordpress\/wp-json\/wp\/v2\/types\/page"}],"author":[{"embeddable":true,"href":"https:\/\/www.gymnasium-wanne.de\/wordpress\/wp-json\/wp\/v2\/users\/2"}],"replies":[{"embeddable":true,"href":"https:\/\/www.gymnasium-wanne.de\/wordpress\/wp-json\/wp\/v2\/comments?post=2987"}],"version-history":[{"count":11,"href":"https:\/\/www.gymnasium-wanne.de\/wordpress\/wp-json\/wp\/v2\/pages\/2987\/revisions"}],"predecessor-version":[{"id":3161,"href":"https:\/\/www.gymnasium-wanne.de\/wordpress\/wp-json\/wp\/v2\/pages\/2987\/revisions\/3161"}],"up":[{"embeddable":true,"href":"https:\/\/www.gymnasium-wanne.de\/wordpress\/wp-json\/wp\/v2\/pages\/239"}],"wp:attachment":[{"href":"https:\/\/www.gymnasium-wanne.de\/wordpress\/wp-json\/wp\/v2\/media?parent=2987"}],"curies":[{"name":"wp","href":"https:\/\/api.w.org\/{rel}","templated":true}]}}