{"id":25,"date":"2016-09-12T13:36:19","date_gmt":"2016-09-12T11:36:19","guid":{"rendered":"http:\/\/www.gymnasium-wanne.de\/wordpress\/?page_id=25"},"modified":"2026-02-22T11:10:00","modified_gmt":"2026-02-22T10:10:00","slug":"willkommen","status":"publish","type":"page","link":"https:\/\/www.gymnasium-wanne.de\/wordpress\/","title":{"rendered":"Herzlich willkommen am Gymnasium Wanne!"},"content":{"rendered":"\n<p class=\"has-text-align-center has-medium-font-size\"><strong>Das Wichtigste auf einen Blick &#8211; einfach anklicken und anschauen!<\/strong><\/p>\n\n\n\n<div class=\"wp-block-columns is-layout-flex wp-container-core-columns-is-layout-9d6595d7 wp-block-columns-is-layout-flex\">\n<div class=\"wp-block-column is-layout-flow wp-block-column-is-layout-flow\">\n<figure class=\"wp-block-image size-large\"><a href=\"https:\/\/youtu.be\/a5Cf_UxcFXc?rel=0\" target=\"_blank\" rel=\"noopener noreferrer\"><img loading=\"lazy\" decoding=\"async\" width=\"942\" height=\"617\" src=\"https:\/\/www.gymnasium-wanne.de\/wordpress\/wp-content\/uploads\/2020\/10\/Schulfilm-final.png\" alt=\"\" class=\"wp-image-2925\" srcset=\"https:\/\/www.gymnasium-wanne.de\/wordpress\/wp-content\/uploads\/2020\/10\/Schulfilm-final.png 942w, https:\/\/www.gymnasium-wanne.de\/wordpress\/wp-content\/uploads\/2020\/10\/Schulfilm-final-300x196.png 300w, https:\/\/www.gymnasium-wanne.de\/wordpress\/wp-content\/uploads\/2020\/10\/Schulfilm-final-768x503.png 768w\" sizes=\"auto, (max-width: 942px) 100vw, 942px\" \/><\/a><\/figure>\n<\/div>\n\n\n\n<div class=\"wp-block-column is-layout-flow wp-block-column-is-layout-flow\">\n<figure class=\"wp-block-image size-large\"><a href=\"https:\/\/youtu.be\/ARzA1nB6LDA\" target=\"_blank\" rel=\"noopener noreferrer\"><img loading=\"lazy\" decoding=\"async\" width=\"1024\" height=\"670\" src=\"https:\/\/www.gymnasium-wanne.de\/wordpress\/wp-content\/uploads\/2020\/10\/Ganztag-final-1-1024x670.png\" alt=\"\" class=\"wp-image-2926\" srcset=\"https:\/\/www.gymnasium-wanne.de\/wordpress\/wp-content\/uploads\/2020\/10\/Ganztag-final-1-1024x670.png 1024w, https:\/\/www.gymnasium-wanne.de\/wordpress\/wp-content\/uploads\/2020\/10\/Ganztag-final-1-300x196.png 300w, https:\/\/www.gymnasium-wanne.de\/wordpress\/wp-content\/uploads\/2020\/10\/Ganztag-final-1-768x503.png 768w, https:\/\/www.gymnasium-wanne.de\/wordpress\/wp-content\/uploads\/2020\/10\/Ganztag-final-1.png 1071w\" sizes=\"auto, (max-width: 1024px) 100vw, 1024px\" \/><\/a><\/figure>\n<\/div>\n\n\n\n<div class=\"wp-block-column is-layout-flow wp-block-column-is-layout-flow\">\n<figure class=\"wp-block-image size-large\"><a href=\"https:\/\/youtu.be\/y_e3dwPXT5c\" target=\"_blank\" rel=\"noopener noreferrer\"><img loading=\"lazy\" decoding=\"async\" width=\"1024\" height=\"670\" src=\"https:\/\/www.gymnasium-wanne.de\/wordpress\/wp-content\/uploads\/2020\/10\/Talentschule-final-1024x670.png\" alt=\"\" class=\"wp-image-2927\" srcset=\"https:\/\/www.gymnasium-wanne.de\/wordpress\/wp-content\/uploads\/2020\/10\/Talentschule-final-1024x670.png 1024w, https:\/\/www.gymnasium-wanne.de\/wordpress\/wp-content\/uploads\/2020\/10\/Talentschule-final-300x196.png 300w, https:\/\/www.gymnasium-wanne.de\/wordpress\/wp-content\/uploads\/2020\/10\/Talentschule-final-768x503.png 768w, https:\/\/www.gymnasium-wanne.de\/wordpress\/wp-content\/uploads\/2020\/10\/Talentschule-final.png 1057w\" sizes=\"auto, (max-width: 1024px) 100vw, 1024px\" \/><\/a><\/figure>\n<\/div>\n<\/div>\n\n\n\n<div class=\"wp-block-columns is-layout-flex wp-container-core-columns-is-layout-9d6595d7 wp-block-columns-is-layout-flex\">\n<div class=\"wp-block-column is-layout-flow wp-block-column-is-layout-flow\">\n<figure class=\"wp-block-image size-large\"><a href=\"https:\/\/youtu.be\/OjQnMCBgZkI\" target=\"_blank\" rel=\"noopener noreferrer\"><img loading=\"lazy\" decoding=\"async\" width=\"1024\" height=\"671\" src=\"https:\/\/www.gymnasium-wanne.de\/wordpress\/wp-content\/uploads\/2020\/10\/Bild-Erprobungsstufe-final-2-1024x671.png\" alt=\"\" class=\"wp-image-2928\" srcset=\"https:\/\/www.gymnasium-wanne.de\/wordpress\/wp-content\/uploads\/2020\/10\/Bild-Erprobungsstufe-final-2-1024x671.png 1024w, https:\/\/www.gymnasium-wanne.de\/wordpress\/wp-content\/uploads\/2020\/10\/Bild-Erprobungsstufe-final-2-300x197.png 300w, https:\/\/www.gymnasium-wanne.de\/wordpress\/wp-content\/uploads\/2020\/10\/Bild-Erprobungsstufe-final-2-768x503.png 768w, https:\/\/www.gymnasium-wanne.de\/wordpress\/wp-content\/uploads\/2020\/10\/Bild-Erprobungsstufe-final-2.png 1116w\" sizes=\"auto, (max-width: 1024px) 100vw, 1024px\" \/><\/a><\/figure>\n<\/div>\n\n\n\n<div class=\"wp-block-column is-layout-flow wp-block-column-is-layout-flow\">\n<figure class=\"wp-block-image size-large\"><a href=\"https:\/\/youtu.be\/c6VgXs4De0I\" target=\"_blank\" rel=\"noopener noreferrer\"><img loading=\"lazy\" decoding=\"async\" width=\"1024\" height=\"677\" src=\"https:\/\/www.gymnasium-wanne.de\/wordpress\/wp-content\/uploads\/2020\/10\/Mittelstufe-final-1-1024x677.png\" alt=\"\" class=\"wp-image-2929\" srcset=\"https:\/\/www.gymnasium-wanne.de\/wordpress\/wp-content\/uploads\/2020\/10\/Mittelstufe-final-1-1024x677.png 1024w, https:\/\/www.gymnasium-wanne.de\/wordpress\/wp-content\/uploads\/2020\/10\/Mittelstufe-final-1-300x198.png 300w, https:\/\/www.gymnasium-wanne.de\/wordpress\/wp-content\/uploads\/2020\/10\/Mittelstufe-final-1-768x508.png 768w, https:\/\/www.gymnasium-wanne.de\/wordpress\/wp-content\/uploads\/2020\/10\/Mittelstufe-final-1.png 1074w\" sizes=\"auto, (max-width: 1024px) 100vw, 1024px\" \/><\/a><\/figure>\n<\/div>\n\n\n\n<div class=\"wp-block-column is-layout-flow wp-block-column-is-layout-flow\">\n<figure class=\"wp-block-image size-large\"><a href=\"https:\/\/youtu.be\/a1ALiCeOsXM\" target=\"_blank\" rel=\"noopener noreferrer\"><img loading=\"lazy\" decoding=\"async\" width=\"1024\" height=\"673\" src=\"https:\/\/www.gymnasium-wanne.de\/wordpress\/wp-content\/uploads\/2020\/10\/Oberstufe-final-1024x673.png\" alt=\"\" class=\"wp-image-2930\" srcset=\"https:\/\/www.gymnasium-wanne.de\/wordpress\/wp-content\/uploads\/2020\/10\/Oberstufe-final-1024x673.png 1024w, https:\/\/www.gymnasium-wanne.de\/wordpress\/wp-content\/uploads\/2020\/10\/Oberstufe-final-300x197.png 300w, https:\/\/www.gymnasium-wanne.de\/wordpress\/wp-content\/uploads\/2020\/10\/Oberstufe-final-768x505.png 768w, https:\/\/www.gymnasium-wanne.de\/wordpress\/wp-content\/uploads\/2020\/10\/Oberstufe-final.png 1070w\" sizes=\"auto, (max-width: 1024px) 100vw, 1024px\" \/><\/a><\/figure>\n<\/div>\n<\/div>\n\n\n\n<div class=\"wp-block-buttons is-content-justification-center is-layout-flex wp-container-core-buttons-is-layout-16018d1d wp-block-buttons-is-layout-flex\">\n<div class=\"wp-block-button has-custom-width wp-block-button__width-50\"><a class=\"wp-block-button__link has-cool-to-warm-spectrum-gradient-background has-background wp-element-button\" href=\"https:\/\/www.instagram.com\/gymnasiumwanne?igsh=aG9kNjBqdGZzNG05&amp;utm_source=qr\">folge uns auch auf Instagram <\/a><\/div>\n<\/div>\n\n\n<div class=\"wp-block-image is-resized\">\n<figure class=\"aligncenter size-large\"><img loading=\"lazy\" decoding=\"async\" width=\"852\" height=\"1024\" src=\"https:\/\/www.gymnasium-wanne.de\/wordpress\/wp-content\/uploads\/2023\/10\/grafik-852x1024.png\" alt=\"\" class=\"wp-image-4037\" srcset=\"https:\/\/www.gymnasium-wanne.de\/wordpress\/wp-content\/uploads\/2023\/10\/grafik-852x1024.png 852w, https:\/\/www.gymnasium-wanne.de\/wordpress\/wp-content\/uploads\/2023\/10\/grafik-250x300.png 250w, https:\/\/www.gymnasium-wanne.de\/wordpress\/wp-content\/uploads\/2023\/10\/grafik-768x923.png 768w, https:\/\/www.gymnasium-wanne.de\/wordpress\/wp-content\/uploads\/2023\/10\/grafik-1278x1536.png 1278w, https:\/\/www.gymnasium-wanne.de\/wordpress\/wp-content\/uploads\/2023\/10\/grafik-1705x2048.png 1705w\" sizes=\"auto, (max-width: 852px) 100vw, 852px\" \/><figcaption class=\"wp-element-caption\"><strong>Hol Dir jetzt unsere neuen Schuloutfits unter:  <a href=\"https:\/\/schushi.de\/\">https:\/\/schushi.de\/<\/a><\/strong><\/figcaption><\/figure><\/div>\n\n\n<hr class=\"wp-block-separator has-css-opacity\"\/>\n\n\n\n<h3 class=\"wp-block-heading\"><\/h3>\n\n\n<div class=\"wp-block-image\">\n<figure class=\"aligncenter size-full\"><img loading=\"lazy\" decoding=\"async\" width=\"775\" height=\"124\" src=\"https:\/\/www.gymnasium-wanne.de\/wordpress\/wp-content\/uploads\/2020\/12\/Alle-Logos.png\" alt=\"\" class=\"wp-image-3068\" srcset=\"https:\/\/www.gymnasium-wanne.de\/wordpress\/wp-content\/uploads\/2020\/12\/Alle-Logos.png 775w, https:\/\/www.gymnasium-wanne.de\/wordpress\/wp-content\/uploads\/2020\/12\/Alle-Logos-300x48.png 300w, https:\/\/www.gymnasium-wanne.de\/wordpress\/wp-content\/uploads\/2020\/12\/Alle-Logos-768x123.png 768w\" sizes=\"auto, (max-width: 775px) 100vw, 775px\" \/><\/figure><\/div>\n\n\n<p><\/p>\n\n\n\n<p class=\"has-text-align-center has-virtue-primary-color has-text-color has-link-color has-large-font-size wp-elements-0a455713cf268da72b7b49ba7f0adf85\">Vorank\u00fcndigung <strong>Ehemaligentreffen 2026<\/strong>:<\/p>\n\n\n\n<p>Es ist geplant, am 29.05.26 ein Treffen aller Ehemaligen des Gymnasiums Wanne zu veranstalten. Ehemalige Sch\u00fclerinnen und Sch\u00fcler sowie ehemalige Mitarbeiterinnen und Mitarbeiter (Lehrkr\u00e4fte, Verwaltungspersonal, etc.) sind herzlich eingeladen, zwischen 17 und 22 Uhr ein paar sch\u00f6ne Stunden an ihrer alten Schule zu verbringen. N\u00e4here Informationen folgen in K\u00fcrze. \u00dcber diesen Link k\u00f6nnt ihr Euch anmelden: <a href=\"https:\/\/www.gymnasium-wanne.de\/wordpress\/anmeldung-ehemaligentreffen\/\" data-type=\"link\" data-id=\"https:\/\/www.gymnasium-wanne.de\/wordpress\/anmeldung-ehemaligentreffen\/\">Anmeldung Ehemaligentreffen<\/a> oder scannt einfach den QR Code.<\/p>\n\n\n<div class=\"wp-block-image\">\n<figure class=\"aligncenter size-full\"><img loading=\"lazy\" decoding=\"async\" width=\"360\" height=\"360\" src=\"https:\/\/www.gymnasium-wanne.de\/wordpress\/wp-content\/uploads\/2025\/11\/qrcode.png\" alt=\"\" class=\"wp-image-4663\" srcset=\"https:\/\/www.gymnasium-wanne.de\/wordpress\/wp-content\/uploads\/2025\/11\/qrcode.png 360w, https:\/\/www.gymnasium-wanne.de\/wordpress\/wp-content\/uploads\/2025\/11\/qrcode-300x300.png 300w, https:\/\/www.gymnasium-wanne.de\/wordpress\/wp-content\/uploads\/2025\/11\/qrcode-150x150.png 150w\" sizes=\"auto, (max-width: 360px) 100vw, 360px\" \/><\/figure><\/div>\n\n\n<div class=\"wp-block-columns is-layout-flex wp-container-core-columns-is-layout-9d6595d7 wp-block-columns-is-layout-flex\">\n<div class=\"wp-block-column is-layout-flow wp-block-column-is-layout-flow\"><\/div>\n\n\n\n<div class=\"wp-block-column is-vertically-aligned-center is-layout-flow wp-block-column-is-layout-flow\">\n<div class=\"wp-block-buttons alignfull is-layout-flex wp-block-buttons-is-layout-flex\"><\/div>\n<\/div>\n<\/div>\n\n\n\n<p><\/p>\n","protected":false},"excerpt":{"rendered":"<p>Das Wichtigste auf einen Blick &#8211; einfach anklicken und anschauen! Vorank\u00fcndigung Ehemaligentreffen 2026: Es ist geplant, am 29.05.26 ein Treffen aller Ehemaligen des Gymnasiums Wanne zu veranstalten. Ehemalige Sch\u00fclerinnen und Sch\u00fcler sowie ehemalige Mitarbeiterinnen und Mitarbeiter (Lehrkr\u00e4fte, Verwaltungspersonal, etc.) sind &hellip; <a href=\"https:\/\/www.gymnasium-wanne.de\/wordpress\/\">Weiter<\/a><\/p>\n","protected":false},"author":1,"featured_media":0,"parent":0,"menu_order":0,"comment_status":"closed","ping_status":"closed","template":"","meta":{"footnotes":""},"class_list":["post-25","page","type-page","status-publish","hentry"],"publishpress_future_action":{"enabled":false,"date":"2026-05-06 23:08:32","action":"change-status","newStatus":"draft","terms":[],"taxonomy":"","extraData":[]},"publishpress_future_workflow_manual_trigger":{"enabledWorkflows":[]},"_links":{"self":[{"href":"https:\/\/www.gymnasium-wanne.de\/wordpress\/wp-json\/wp\/v2\/pages\/25","targetHints":{"allow":["GET"]}}],"collection":[{"href":"https:\/\/www.gymnasium-wanne.de\/wordpress\/wp-json\/wp\/v2\/pages"}],"about":[{"href":"https:\/\/www.gymnasium-wanne.de\/wordpress\/wp-json\/wp\/v2\/types\/page"}],"author":[{"embeddable":true,"href":"https:\/\/www.gymnasium-wanne.de\/wordpress\/wp-json\/wp\/v2\/users\/1"}],"replies":[{"embeddable":true,"href":"https:\/\/www.gymnasium-wanne.de\/wordpress\/wp-json\/wp\/v2\/comments?post=25"}],"version-history":[{"count":514,"href":"https:\/\/www.gymnasium-wanne.de\/wordpress\/wp-json\/wp\/v2\/pages\/25\/revisions"}],"predecessor-version":[{"id":4794,"href":"https:\/\/www.gymnasium-wanne.de\/wordpress\/wp-json\/wp\/v2\/pages\/25\/revisions\/4794"}],"wp:attachment":[{"href":"https:\/\/www.gymnasium-wanne.de\/wordpress\/wp-json\/wp\/v2\/media?parent=25"}],"curies":[{"name":"wp","href":"https:\/\/api.w.org\/{rel}","templated":true}]}}

<p class="has-text-align-center has-medium-font-size"><strong>Das Wichtigste auf einen Blick &#8211; einfach anklicken und anschauen!</strong></p>



<div class="wp-block-columns is-layout-flex wp-container-core-columns-is-layout-9d6595d7 wp-block-columns-is-layout-flex">
<div class="wp-block-column is-layout-flow wp-block-column-is-layout-flow">
<figure class="wp-block-image size-large"><a href="https://youtu.be/a5Cf_UxcFXc?rel=0" target="_blank" rel="noopener noreferrer"><img loading="lazy" decoding="async" width="942" height="617" src="https://www.gymnasium-wanne.de/wordpress/wp-content/uploads/2020/10/Schulfilm-final.png" alt="" class="wp-image-2925" srcset="https://www.gymnasium-wanne.de/wordpress/wp-content/uploads/2020/10/Schulfilm-final.png 942w, https://www.gymnasium-wanne.de/wordpress/wp-content/uploads/2020/10/Schulfilm-final-300x196.png 300w, https://www.gymnasium-wanne.de/wordpress/wp-content/uploads/2020/10/Schulfilm-final-768x503.png 768w" sizes="auto, (max-width: 942px) 100vw, 942px" /></a></figure>
</div>



<div class="wp-block-column is-layout-flow wp-block-column-is-layout-flow">
<figure class="wp-block-image size-large"><a href="https://youtu.be/ARzA1nB6LDA" target="_blank" rel="noopener noreferrer"><img loading="lazy" decoding="async" width="1024" height="670" src="https://www.gymnasium-wanne.de/wordpress/wp-content/uploads/2020/10/Ganztag-final-1-1024x670.png" alt="" class="wp-image-2926" srcset="https://www.gymnasium-wanne.de/wordpress/wp-content/uploads/2020/10/Ganztag-final-1-1024x670.png 1024w, https://www.gymnasium-wanne.de/wordpress/wp-content/uploads/2020/10/Ganztag-final-1-300x196.png 300w, https://www.gymnasium-wanne.de/wordpress/wp-content/uploads/2020/10/Ganztag-final-1-768x503.png 768w, https://www.gymnasium-wanne.de/wordpress/wp-content/uploads/2020/10/Ganztag-final-1.png 1071w" sizes="auto, (max-width: 1024px) 100vw, 1024px" /></a></figure>
</div>



<div class="wp-block-column is-layout-flow wp-block-column-is-layout-flow">
<figure class="wp-block-image size-large"><a href="https://youtu.be/y_e3dwPXT5c" target="_blank" rel="noopener noreferrer"><img loading="lazy" decoding="async" width="1024" height="670" src="https://www.gymnasium-wanne.de/wordpress/wp-content/uploads/2020/10/Talentschule-final-1024x670.png" alt="" class="wp-image-2927" srcset="https://www.gymnasium-wanne.de/wordpress/wp-content/uploads/2020/10/Talentschule-final-1024x670.png 1024w, https://www.gymnasium-wanne.de/wordpress/wp-content/uploads/2020/10/Talentschule-final-300x196.png 300w, https://www.gymnasium-wanne.de/wordpress/wp-content/uploads/2020/10/Talentschule-final-768x503.png 768w, https://www.gymnasium-wanne.de/wordpress/wp-content/uploads/2020/10/Talentschule-final.png 1057w" sizes="auto, (max-width: 1024px) 100vw, 1024px" /></a></figure>
</div>
</div>



<div class="wp-block-columns is-layout-flex wp-container-core-columns-is-layout-9d6595d7 wp-block-columns-is-layout-flex">
<div class="wp-block-column is-layout-flow wp-block-column-is-layout-flow">
<figure class="wp-block-image size-large"><a href="https://youtu.be/OjQnMCBgZkI" target="_blank" rel="noopener noreferrer"><img loading="lazy" decoding="async" width="1024" height="671" src="https://www.gymnasium-wanne.de/wordpress/wp-content/uploads/2020/10/Bild-Erprobungsstufe-final-2-1024x671.png" alt="" class="wp-image-2928" srcset="https://www.gymnasium-wanne.de/wordpress/wp-content/uploads/2020/10/Bild-Erprobungsstufe-final-2-1024x671.png 1024w, https://www.gymnasium-wanne.de/wordpress/wp-content/uploads/2020/10/Bild-Erprobungsstufe-final-2-300x197.png 300w, https://www.gymnasium-wanne.de/wordpress/wp-content/uploads/2020/10/Bild-Erprobungsstufe-final-2-768x503.png 768w, https://www.gymnasium-wanne.de/wordpress/wp-content/uploads/2020/10/Bild-Erprobungsstufe-final-2.png 1116w" sizes="auto, (max-width: 1024px) 100vw, 1024px" /></a></figure>
</div>



<div class="wp-block-column is-layout-flow wp-block-column-is-layout-flow">
<figure class="wp-block-image size-large"><a href="https://youtu.be/c6VgXs4De0I" target="_blank" rel="noopener noreferrer"><img loading="lazy" decoding="async" width="1024" height="677" src="https://www.gymnasium-wanne.de/wordpress/wp-content/uploads/2020/10/Mittelstufe-final-1-1024x677.png" alt="" class="wp-image-2929" srcset="https://www.gymnasium-wanne.de/wordpress/wp-content/uploads/2020/10/Mittelstufe-final-1-1024x677.png 1024w, https://www.gymnasium-wanne.de/wordpress/wp-content/uploads/2020/10/Mittelstufe-final-1-300x198.png 300w, https://www.gymnasium-wanne.de/wordpress/wp-content/uploads/2020/10/Mittelstufe-final-1-768x508.png 768w, https://www.gymnasium-wanne.de/wordpress/wp-content/uploads/2020/10/Mittelstufe-final-1.png 1074w" sizes="auto, (max-width: 1024px) 100vw, 1024px" /></a></figure>
</div>



<div class="wp-block-column is-layout-flow wp-block-column-is-layout-flow">
<figure class="wp-block-image size-large"><a href="https://youtu.be/a1ALiCeOsXM" target="_blank" rel="noopener noreferrer"><img loading="lazy" decoding="async" width="1024" height="673" src="https://www.gymnasium-wanne.de/wordpress/wp-content/uploads/2020/10/Oberstufe-final-1024x673.png" alt="" class="wp-image-2930" srcset="https://www.gymnasium-wanne.de/wordpress/wp-content/uploads/2020/10/Oberstufe-final-1024x673.png 1024w, https://www.gymnasium-wanne.de/wordpress/wp-content/uploads/2020/10/Oberstufe-final-300x197.png 300w, https://www.gymnasium-wanne.de/wordpress/wp-content/uploads/2020/10/Oberstufe-final-768x505.png 768w, https://www.gymnasium-wanne.de/wordpress/wp-content/uploads/2020/10/Oberstufe-final.png 1070w" sizes="auto, (max-width: 1024px) 100vw, 1024px" /></a></figure>
</div>
</div>



<div class="wp-block-buttons is-content-justification-center is-layout-flex wp-container-core-buttons-is-layout-16018d1d wp-block-buttons-is-layout-flex">
<div class="wp-block-button has-custom-width wp-block-button__width-50"><a class="wp-block-button__link has-cool-to-warm-spectrum-gradient-background has-background wp-element-button" href="https://www.instagram.com/gymnasiumwanne?igsh=aG9kNjBqdGZzNG05&amp;utm_source=qr">folge uns auch auf Instagram </a></div>
</div>


<div class="wp-block-image is-resized">
<figure class="aligncenter size-large"><img loading="lazy" decoding="async" width="852" height="1024" src="https://www.gymnasium-wanne.de/wordpress/wp-content/uploads/2023/10/grafik-852x1024.png" alt="" class="wp-image-4037" srcset="https://www.gymnasium-wanne.de/wordpress/wp-content/uploads/2023/10/grafik-852x1024.png 852w, https://www.gymnasium-wanne.de/wordpress/wp-content/uploads/2023/10/grafik-250x300.png 250w, https://www.gymnasium-wanne.de/wordpress/wp-content/uploads/2023/10/grafik-768x923.png 768w, https://www.gymnasium-wanne.de/wordpress/wp-content/uploads/2023/10/grafik-1278x1536.png 1278w, https://www.gymnasium-wanne.de/wordpress/wp-content/uploads/2023/10/grafik-1705x2048.png 1705w" sizes="auto, (max-width: 852px) 100vw, 852px" /><figcaption class="wp-element-caption"><strong>Hol Dir jetzt unsere neuen Schuloutfits unter:  <a href="https://schushi.de/">https://schushi.de/</a></strong></figcaption></figure></div>


<hr class="wp-block-separator has-css-opacity"/>



<h3 class="wp-block-heading"></h3>


<div class="wp-block-image">
<figure class="aligncenter size-full"><img loading="lazy" decoding="async" width="775" height="124" src="https://www.gymnasium-wanne.de/wordpress/wp-content/uploads/2020/12/Alle-Logos.png" alt="" class="wp-image-3068" srcset="https://www.gymnasium-wanne.de/wordpress/wp-content/uploads/2020/12/Alle-Logos.png 775w, https://www.gymnasium-wanne.de/wordpress/wp-content/uploads/2020/12/Alle-Logos-300x48.png 300w, https://www.gymnasium-wanne.de/wordpress/wp-content/uploads/2020/12/Alle-Logos-768x123.png 768w" sizes="auto, (max-width: 775px) 100vw, 775px" /></figure></div>


<p></p>



<p class="has-text-align-center has-virtue-primary-color has-text-color has-link-color has-large-font-size wp-elements-0a455713cf268da72b7b49ba7f0adf85">Vorankündigung <strong>Ehemaligentreffen 2026</strong>:</p>



<p>Es ist geplant, am 29.05.26 ein Treffen aller Ehemaligen des Gymnasiums Wanne zu veranstalten. Ehemalige Schülerinnen und Schüler sowie ehemalige Mitarbeiterinnen und Mitarbeiter (Lehrkräfte, Verwaltungspersonal, etc.) sind herzlich eingeladen, zwischen 17 und 22 Uhr ein paar schöne Stunden an ihrer alten Schule zu verbringen. Nähere Informationen folgen in Kürze. Über diesen Link könnt ihr Euch anmelden: <a href="https://www.gymnasium-wanne.de/wordpress/anmeldung-ehemaligentreffen/" data-type="link" data-id="https://www.gymnasium-wanne.de/wordpress/anmeldung-ehemaligentreffen/">Anmeldung Ehemaligentreffen</a> oder scannt einfach den QR Code.</p>


<div class="wp-block-image">
<figure class="aligncenter size-full"><img loading="lazy" decoding="async" width="360" height="360" src="https://www.gymnasium-wanne.de/wordpress/wp-content/uploads/2025/11/qrcode.png" alt="" class="wp-image-4663" srcset="https://www.gymnasium-wanne.de/wordpress/wp-content/uploads/2025/11/qrcode.png 360w, https://www.gymnasium-wanne.de/wordpress/wp-content/uploads/2025/11/qrcode-300x300.png 300w, https://www.gymnasium-wanne.de/wordpress/wp-content/uploads/2025/11/qrcode-150x150.png 150w" sizes="auto, (max-width: 360px) 100vw, 360px" /></figure></div>


<div class="wp-block-columns is-layout-flex wp-container-core-columns-is-layout-9d6595d7 wp-block-columns-is-layout-flex">
<div class="wp-block-column is-layout-flow wp-block-column-is-layout-flow"></div>



<div class="wp-block-column is-vertically-aligned-center is-layout-flow wp-block-column-is-layout-flow">
<div class="wp-block-buttons alignfull is-layout-flex wp-block-buttons-is-layout-flex"></div>
</div>
</div>



<p></p>

<p>Das Wichtigste auf einen Blick &#8211; einfach anklicken und anschauen! Vorankündigung Ehemaligentreffen 2026: Es ist geplant, am 29.05.26 ein Treffen aller Ehemaligen des Gymnasiums Wanne zu veranstalten. Ehemalige Schülerinnen und Schüler sowie ehemalige Mitarbeiterinnen und Mitarbeiter (Lehrkräfte, Verwaltungspersonal, etc.) sind &hellip; <a href="https://www.gymnasium-wanne.de/wordpress/">Weiter</a></p>
