{"id":235,"date":"2016-09-15T18:33:23","date_gmt":"2016-09-15T16:33:23","guid":{"rendered":"http:\/\/www.gymnasium-wanne.de\/wordpress\/?page_id=235"},"modified":"2020-01-28T11:13:29","modified_gmt":"2020-01-28T10:13:29","slug":"daten-und-fakten","status":"publish","type":"page","link":"https:\/\/www.gymnasium-wanne.de\/wordpress\/informationen\/schulorganganisation\/daten-und-fakten\/","title":{"rendered":"Daten und Fakten"},"content":{"rendered":"<p><strong>des Gymnasiums Wanne<\/strong><\/p>\n<p>(Stand: Januar 2020)<\/p>\n\n<table id=\"tablepress-4\" class=\"tablepress tablepress-id-4\">\n<tbody>\n<tr class=\"row-1\">\n\t<td class=\"column-1\">Sch\u00fclerzahl<\/td><td class=\"column-2\">603<\/td>\n<\/tr>\n<tr class=\"row-2\">\n\t<td class=\"column-1\">Klassen in der Sekundarstufe I<\/td><td class=\"column-2\">14<\/td>\n<\/tr>\n<tr class=\"row-3\">\n\t<td class=\"column-1\">Lehrkr\u00e4fte<\/td><td class=\"column-2\">ca. 60<\/td>\n<\/tr>\n<\/tbody>\n<\/table>\n<!-- #tablepress-4 from cache -->\n<p>Seit dem Schuljahr 2009\/2010 ist das Gymnasium Wanne eine Ganztagsschule. Die Sch\u00fclerinnen und Sch\u00fcler im gebundenen Ganztag haben an drei Tagen der Woche (Montag, Mittwoch und Donnerstag) Unterricht bis 15.10 Uhr.<\/p>\n<p>Mit einer Sch\u00fclerzahl von 603 Sch\u00fclerinnen und Sch\u00fclern bildet unsere Schule eine \u00fcberschaubare Gemeinschaft, in der sich besondere zwischenmenschliche Beziehungen zwischen allen Mitgliedern entwickeln k\u00f6nnen. Die Patenschaften der Jahrgangsstufen 9 und der Einf\u00fchrungsphase in die Oberstufe f\u00fcr die Jahrgangsstufe 5 und 6 sind Zeichen f\u00fcr die guten klassen\u00fcbergreifenden sozialen Bindungen innerhalb der Sch\u00fclerschaft.<\/p>\n<p>Kennenlernnachmittage in den Klassen 5, \u201eElternstammtische\u201c, die Beteiligung der Elternschaft an der Durchf\u00fchrung von Arbeitsgemeinschaften, die ehrenamtliche Unterst\u00fctzung der Caf\u00e9teria und die Unterst\u00fctzung von Veranstaltungen wie den \u201eBunten Nachmittag\u201c sind ein Beleg f\u00fcr die enge Zusammenarbeit zwischen Eltern und Schule.<\/p>\n<p><strong>Unterrichtsangebote in den Wahlpflichtbereichen<\/strong><\/p>\n<p><strong><em>Sprachlicher Bereich<\/em><\/strong><\/p>\n<p><strong>Englisch als erste Fremdsprache \u2013 Beginn mit Klasse 5<\/strong><\/p>\n<p><strong>Franz\u00f6sisch oder Latein als zweite Fremdsprache ab Klasse 6<\/strong><\/p>\n<p>Am Ende der Klasse 5 w\u00e4hlen Sch\u00fclerinnen und Sch\u00fcler sowie ihre Eltern die zweite Fremdsprache f\u00fcr die Klasse 6 aus. Entscheidungshilfen werden auf Wunsch durch die KlassenlehrerInnen oder FremdsprachenlehrerInnen gegeben. Es findet auch ein allgemeiner Informationsabend im Vorfeld der Wahlen statt.<\/p>\n<p><strong>Franz\u00f6sisch oder Latein als dritte Fremdsprache ab Klasse 8 (im Differenzierungs-bzw. Wahlpflichtbereich II) sowie Spanisch in Kooperation mit dem Gymnasium Eickel<\/strong><\/p>\n<p>Die Fremdsprachen k\u00f6nnen in der Oberstufe als fortgef\u00fchrte Fremdsprachen weiter angew\u00e4hlt werden. Es ist jedoch auch m\u00f6glich, die Sprachen als neue (zweite) Fremdsprache anzuw\u00e4hlen.<\/p>\n<p><strong><em>Naturwissenschaftlicher Bereich<\/em><\/strong><\/p>\n<p><strong>Informatikkurse ab Klasse 8 (im Differenzierungs-bzw. Wahlpflichtbereich II)<\/strong><\/p>\n<p><strong>Physik\/Chemiekurse ab Klasse 8 (im Differenzierungs-bzw. Wahlpflichtbereich II)<\/strong><\/p>\n<p><strong><em>Gesellschaftswissenschaftlicher Bereich<\/em><\/strong><\/p>\n<p><strong>Politik (Wirtschaft) (im Differenzierungs-bzw. Wahlpflichtbereich II)<br \/>\n<\/strong><\/p>\n<p><strong><em>Sport<\/em><\/strong><\/p>\n<p>In der Qualifikationsphase der Oberstufe wird ein Leistungskurs Sport angeboten.<\/p>\n<p>Wettbewerbe: Es erfolgt eine regelm\u00e4\u00dfige Teilnahme an den Stadtmeisterschaften, z.B. im Fu\u00dfball.<\/p>\n<p><strong><em>Besondere Angebote in der Oberstufe<\/em><\/strong><\/p>\n<p><strong>Franz\u00f6sisch oder Latein als dritte Fremdsprache<\/strong><\/p>\n<p><strong>Psychologie als Grundkurs oder Leistungskurs<\/strong><\/p>\n<p><strong>Leistungskurs Sport<\/strong><\/p>\n<p><strong>Sonstiges<\/strong><\/p>\n<p><a href=\"http:\/\/gymnasium-wanne.de\/wordpress\/wp-content\/uploads\/2019\/AGVerteilung2019_2020HJ1.png\"><strong><em>Arbeitsgemeinschaften<\/em><\/strong><\/a><\/p>\n<p><strong>Kontakte zu Beratungsstellen<\/strong><\/p>\n<p>Das Gymnasium Wanne pflegt guten Kontakt zu den unterschiedlichen Beratungsstellen.<\/p>\n<ul>\n<li>KI: Das Kommunale Integrationszentrum unterst\u00fctzt bei Bedarf die Elternarbeit und den Deutschf\u00f6rderkurs in der Erprobungsstufe f\u00fcr Kinder mit Migrationshintergrund.<\/li>\n<li>Beratungsstelle an der Ludwigstra\u00dfe. Hier erfolgt eine enge Zusammenarbeit im Fall von besonderen schulischen oder pers\u00f6nlichen Problemen von Sch\u00fclerinnen und Sch\u00fclern.<\/li>\n<li>Andere Einrichtungen. In den Mittelstufenklassen werden in Zusammenarbeit mit der Polizei Veranstaltungen zur Gewaltpr\u00e4vention durchgef\u00fchrt. In dieser Stufe erfolgen auch in Zusammenarbeit mit Medizinern Veranstaltungen zur Sexualkunde als Erg\u00e4nzung zum Biologieunterricht.<\/li>\n<\/ul>\n<p><strong>Informationen zu den einzelnen Stufen<\/strong><\/p>\n<p><strong><em>Erprobungsstufe<\/em><\/strong><\/p>\n<ul>\n<li>Die Einteilung der neuen Klassen 5 erfolgt unter Ber\u00fccksichtigung von Sch\u00fclerw\u00fcnschen, so dass auch nach der Grundschulzeit weiterhin nachmittags Kontakte untereinander m\u00f6glich sind.<\/li>\n<li>Zwei Klassenlehrer\/-innen nehmen sich als Bezugspersonen der Klassen an.<\/li>\n<li>Es wird zu Beginn des Schuljahres eine dreit\u00e4gige Klassenfahrt f\u00fcr die Klassen 5 durchgef\u00fchrt.<\/li>\n<li>Patinnen und Paten aus den Klassen 9 und Einf\u00fchrungsphase der Oberstufe sind AnsprechpartnerInnen f\u00fcr die Erprobungsstufensch\u00fclerInnen.<\/li>\n<li>Spielenachmittage f\u00fcr die Sch\u00fclerinnen und Sch\u00fcler<\/li>\n<li>Eltern werden durch Pflegschaftsversammlungen und individuelle Gespr\u00e4che informiert und beraten.<\/li>\n<li>F\u00f6rderma\u00dfnahmen f\u00fcr Kinder mit Migrationshintergrund werden in Zusammenarbeit mit dem KI durchgef\u00fchrt.<\/li>\n<li>Die Klassen 6 nehmen seit Jahren mit gro\u00dfem Erfolg am Vorlesewettbewerb unter der Schirmherrschaft des \u201eB\u00f6rsenvereins f\u00fcr den Deutschen Buchhandel\u201c teil.<\/li>\n<\/ul>\n<p><strong><em>Mittelstufe<\/em><\/strong><\/p>\n<ul>\n<li>Ab Klasse 7 erfolgt im Rahmen des Girls&#8216; und Boys&#8216; Days sowie des NRW-weiten Projektes &#8222;Kein Abschluss ohne Anschluss&#8220; (KAoA), auch in Zusammenarbeit mit unseren Koop-Partnern, der Einstieg in die Berufsvorbereitung.<\/li>\n<li>In Klasse 7 findet eine f\u00fcnft\u00e4gige Klassenfahrt statt, deren Programm auf sportliche und gemeinschaftsf\u00f6rdernde Aktivit\u00e4ten ausgerichtet ist.<\/li>\n<li>In Klasse 8 beginnt der Wahlpflichtbereich II als Vorbereitung auf das Kursprinzip der Oberstufe. Kursangebote sind die dritte Fremdsprache (Latein und Franz\u00f6sisch), Informatik und Physik\/ Chemie sowie Politik\/Wirtschaft im gesellschaftswissenschaftlichen Bereich<\/li>\n<li>Am Ende des 2. Schulhalbjahrs findet ein Sozialpraktikum f\u00fcr die Jahrgangsstufe 9 statt.<\/li>\n<\/ul>\n<p><strong><em>Oberstufe<\/em><\/strong><\/p>\n<p>Durch die Kooperation mit dem Gymnasium Eickel und der Gesamtschule Wanne kann ein breites Angebot an Leistungs- und Grundkursen realisiert werden.<br \/>\n<strong>Einf\u00fchrungsphase (G 8)<\/strong><\/p>\n<ul>\n<li>In der Einf\u00fchrungsphase der Oberstufe findet eine dreit\u00e4gige Kennenlernfahrt nach Gemen statt. Die Sch\u00fclerinnen und Sch\u00fcler lernen hier spezielle Merkmale des Kurssystems und der Laufbahngestaltung kennen und sollen durch verschiedene Aktivit\u00e4ten ihre Gemeinschaft in der Stufe gestalten.<\/li>\n<li>Im zweiten Schulhalbjahr der Einf\u00fchrungsphase findet ein zweiw\u00f6chiges Sch\u00fclerbetriebspraktikum statt.<\/li>\n<\/ul>\n<p><strong>Qualifikationsphasen<\/strong><\/p>\n<ul>\n<li>Die Berufsberatung findet in Zusammenarbeit mit der Agentur f\u00fcr Arbeit in unseren Qualifikationsphasen statt. Die Sch\u00fclerinnen und Sch\u00fcler haben Gelegenheit, sich an den \u201eTagen der offenen T\u00fcr\u201c verschiedener Universit\u00e4ten \u00fcber Studieng\u00e4nge zu informieren.<\/li>\n<li>Im Verlauf der Qualifikationsphase findet eine mehrt\u00e4gige Studienfahrt statt.<\/li>\n<\/ul>\n","protected":false},"excerpt":{"rendered":"<p>des Gymnasiums Wanne (Stand: Januar 2020) Seit dem Schuljahr 2009\/2010 ist das Gymnasium Wanne eine Ganztagsschule. Die Sch\u00fclerinnen und Sch\u00fcler im gebundenen Ganztag haben an drei Tagen der Woche (Montag, Mittwoch und Donnerstag) Unterricht bis 15.10 Uhr. Mit einer Sch\u00fclerzahl &hellip; <a href=\"https:\/\/www.gymnasium-wanne.de\/wordpress\/informationen\/schulorganganisation\/daten-und-fakten\/\">Weiter<\/a><\/p>\n","protected":false},"author":3,"featured_media":0,"parent":239,"menu_order":0,"comment_status":"closed","ping_status":"closed","template":"","meta":{"footnotes":""},"class_list":["post-235","page","type-page","status-publish","hentry"],"publishpress_future_action":{"enabled":false,"date":"2026-05-12 10:33:13","action":"change-status","newStatus":"draft","terms":[],"taxonomy":"","extraData":[]},"publishpress_future_workflow_manual_trigger":{"enabledWorkflows":[]},"_links":{"self":[{"href":"https:\/\/www.gymnasium-wanne.de\/wordpress\/wp-json\/wp\/v2\/pages\/235","targetHints":{"allow":["GET"]}}],"collection":[{"href":"https:\/\/www.gymnasium-wanne.de\/wordpress\/wp-json\/wp\/v2\/pages"}],"about":[{"href":"https:\/\/www.gymnasium-wanne.de\/wordpress\/wp-json\/wp\/v2\/types\/page"}],"author":[{"embeddable":true,"href":"https:\/\/www.gymnasium-wanne.de\/wordpress\/wp-json\/wp\/v2\/users\/3"}],"replies":[{"embeddable":true,"href":"https:\/\/www.gymnasium-wanne.de\/wordpress\/wp-json\/wp\/v2\/comments?post=235"}],"version-history":[{"count":14,"href":"https:\/\/www.gymnasium-wanne.de\/wordpress\/wp-json\/wp\/v2\/pages\/235\/revisions"}],"predecessor-version":[{"id":2283,"href":"https:\/\/www.gymnasium-wanne.de\/wordpress\/wp-json\/wp\/v2\/pages\/235\/revisions\/2283"}],"up":[{"embeddable":true,"href":"https:\/\/www.gymnasium-wanne.de\/wordpress\/wp-json\/wp\/v2\/pages\/239"}],"wp:attachment":[{"href":"https:\/\/www.gymnasium-wanne.de\/wordpress\/wp-json\/wp\/v2\/media?parent=235"}],"curies":[{"name":"wp","href":"https:\/\/api.w.org\/{rel}","templated":true}]}}