{"id":1678,"date":"2019-01-24T11:27:52","date_gmt":"2019-01-24T10:27:52","guid":{"rendered":"https:\/\/www.gymnasium-wanne.de\/wordpress\/?page_id=1678"},"modified":"2019-01-24T11:27:53","modified_gmt":"2019-01-24T10:27:53","slug":"spieleraeume","status":"publish","type":"page","link":"https:\/\/www.gymnasium-wanne.de\/wordpress\/spieleraeume\/","title":{"rendered":"Spieler\u00e4ume"},"content":{"rendered":"<p>Die beiden Spieler\u00e4ume bieten Erholung und Entspannung in der Mittagspause abseits vom Trubel des Pausenhofs. Hier kann man sich mit ein paar Freund*innen zu einem Brettspiel oder Kartenspiel verabreden bzw. seiner Kreativit\u00e4t beim Malen oder Basteln freien Lauf lassen. Ge\u00f6ffnet und beaufsichtigt sind die Spieler\u00e4ume in jeder Mittagspause.<\/p>\n\n\n<figure class=\"wp-block-image\"><img decoding=\"async\" src=\"https:\/\/www.gymnasium-wanne.de\/wordpress\/wp-content\/uploads\/2019\/01\/20181212_152705-1024x768.jpg\" alt=\"\" class=\"wp-image-1679\"\/><\/figure>\n","protected":false},"excerpt":{"rendered":"<p>Die beiden Spieler\u00e4ume bieten Erholung und Entspannung in der Mittagspause abseits vom Trubel des Pausenhofs. Hier kann man sich mit ein paar Freund*innen zu einem Brettspiel oder Kartenspiel verabreden bzw. seiner Kreativit\u00e4t beim Malen oder Basteln freien Lauf lassen. Ge\u00f6ffnet &hellip; <a href=\"https:\/\/www.gymnasium-wanne.de\/wordpress\/spieleraeume\/\">Weiter<\/a><\/p>\n","protected":false},"author":3,"featured_media":0,"parent":0,"menu_order":0,"comment_status":"closed","ping_status":"closed","template":"","meta":{"footnotes":""},"class_list":["post-1678","page","type-page","status-publish","hentry"],"publishpress_future_action":{"enabled":false,"date":"2026-05-10 12:39:38","action":"change-status","newStatus":"draft","terms":[],"taxonomy":"","extraData":[]},"publishpress_future_workflow_manual_trigger":{"enabledWorkflows":[]},"_links":{"self":[{"href":"https:\/\/www.gymnasium-wanne.de\/wordpress\/wp-json\/wp\/v2\/pages\/1678","targetHints":{"allow":["GET"]}}],"collection":[{"href":"https:\/\/www.gymnasium-wanne.de\/wordpress\/wp-json\/wp\/v2\/pages"}],"about":[{"href":"https:\/\/www.gymnasium-wanne.de\/wordpress\/wp-json\/wp\/v2\/types\/page"}],"author":[{"embeddable":true,"href":"https:\/\/www.gymnasium-wanne.de\/wordpress\/wp-json\/wp\/v2\/users\/3"}],"replies":[{"embeddable":true,"href":"https:\/\/www.gymnasium-wanne.de\/wordpress\/wp-json\/wp\/v2\/comments?post=1678"}],"version-history":[{"count":1,"href":"https:\/\/www.gymnasium-wanne.de\/wordpress\/wp-json\/wp\/v2\/pages\/1678\/revisions"}],"predecessor-version":[{"id":1680,"href":"https:\/\/www.gymnasium-wanne.de\/wordpress\/wp-json\/wp\/v2\/pages\/1678\/revisions\/1680"}],"wp:attachment":[{"href":"https:\/\/www.gymnasium-wanne.de\/wordpress\/wp-json\/wp\/v2\/media?parent=1678"}],"curies":[{"name":"wp","href":"https:\/\/api.w.org\/{rel}","templated":true}]}}