{"id":1361,"date":"2018-02-14T13:15:12","date_gmt":"2018-02-14T12:15:12","guid":{"rendered":"http:\/\/www.gymnasium-wanne.de\/wordpress\/?page_id=1361"},"modified":"2018-02-14T14:58:09","modified_gmt":"2018-02-14T13:58:09","slug":"soziales-miteinander","status":"publish","type":"page","link":"https:\/\/www.gymnasium-wanne.de\/wordpress\/schulprogramm\/soziales-miteinander\/","title":{"rendered":"Soziales Miteinander"},"content":{"rendered":"<h1><a name=\"_Toc367697024\"><\/a>Soziales Miteinander<\/h1>\n<p style=\"font-size:11pt\">Ein gelingendes soziales Miteinander ist eine wichtige Voraussetzung f\u00fcr Lernerfolge. Die F\u00f6rderung der personalen und sozialen Kompetenzen unserer Sch\u00fcler ist uns deshalb ein wichtiges Anliegen.<\/p>\n<p style=\"font-size:11pt\">Durch verschiedene Aktivit\u00e4ten werden den Sch\u00fclern Werte und Normen n\u00e4hergebracht, die auch au\u00dferhalb der Schule wichtige Grundlagen f\u00fcr ein soziales Miteinander in der Gesellschaft darstellen.<\/p>\n<p style=\"font-size:11pt\">Neben den j\u00e4hrlichen Schulveranstaltungen und Schulprojekten, bei denen die Sch\u00fcler gemeinsam verschiedenste Produkte erstellen und erarbeiten und somit ihren Teamgeist f\u00f6rdern, werden sowohl in der Sekundarstufe I als auch II Klassen- und Stufenfahrten durchgef\u00fchrt. Diese haben unter anderem die Funktion, dass sich die Sch\u00fcler n\u00e4her kennenlernen und ihr Gemeinschaftsgef\u00fchl st\u00e4rken.<\/p>\n<p style=\"font-size:11pt\">W\u00e4hrend ihrer Schullaufbahn erhalten die Sch\u00fclerinnen und Sch\u00fcler auch immer wieder Gelegenheit, ihre Sozial- und Organisationskompetenz zu st\u00e4rken, indem sie sich in der Sch\u00fclervertretung oder bei dem Patenprogramm engagieren.<\/p>\n<p style=\"font-size:11pt\">Ein wichtiger Aspekt von Schulentwicklung und der F\u00f6rderung des sozialen Miteinanders ist aber nicht nur die Einbindung der Sch\u00fcler bei wichtigen Entscheidungen des Schulalltags, sondern die Zusammenarbeit aller Mitglieder der Schule, also auch der Eltern. So bringen sich diese z.B. durch die Mitwirkung in Gremien oder durch die Organisation von Festen in die Schularbeit mit ein.<\/p>\n\t\t\t\t\t\t<style>\r\n\t\t\t\t<style>\r\n#wpsm_accordion_1387 .wpsm_panel-heading{\r\n\tpadding:0px !important;\r\n}\r\n#wpsm_accordion_1387 .wpsm_panel-title {\r\n\tmargin:0px !important; \r\n\ttext-transform:none !important;\r\n\tline-height: 1 !important;\r\n}\r\n#wpsm_accordion_1387 .wpsm_panel-title a{\r\n\ttext-decoration:none;\r\n\toverflow:hidden;\r\n\tdisplay:block;\r\n\tpadding:0px;\r\n\tfont-size: 18px !important;\r\n\tfont-family: Arial !important;\r\n\tcolor:#ffffff !important;\r\n\tborder-bottom:0px !important;\r\n}\r\n\r\n#wpsm_accordion_1387 .wpsm_panel-title a:focus {\r\noutline: 0px !important;\r\n}\r\n\r\n#wpsm_accordion_1387 .wpsm_panel-title a:hover, #wpsm_accordion_1387 .wpsm_panel-title a:focus {\r\n\tcolor:#ffffff !important;\r\n}\r\n#wpsm_accordion_1387 .acc-a{\r\n\tcolor: #ffffff !important;\r\n\tbackground-color:#92d050 !important;\r\n\tborder-color: #ddd;\r\n}\r\n#wpsm_accordion_1387 .wpsm_panel-default > .wpsm_panel-heading{\r\n\tcolor: #ffffff !important;\r\n\tbackground-color: #92d050 !important;\r\n\tborder-color: #92d050 !important;\r\n\tborder-top-left-radius: 0px;\r\n\tborder-top-right-radius: 0px;\r\n}\r\n#wpsm_accordion_1387 .wpsm_panel-default {\r\n\t\tborder:1px solid transparent !important;\r\n\t}\r\n#wpsm_accordion_1387 {\r\n\tmargin-bottom: 20px;\r\n\toverflow: hidden;\r\n\tfloat: none;\r\n\twidth: 100%;\r\n\tdisplay: block;\r\n}\r\n#wpsm_accordion_1387 .ac_title_class{\r\n\tdisplay: block;\r\n\tpadding-top: 12px;\r\n\tpadding-bottom: 12px;\r\n\tpadding-left: 15px;\r\n\tpadding-right: 15px;\r\n}\r\n#wpsm_accordion_1387  .wpsm_panel {\r\n\toverflow:hidden;\r\n\t-webkit-box-shadow: 0 0px 0px rgba(0, 0, 0, .05);\r\n\tbox-shadow: 0 0px 0px rgba(0, 0, 0, .05);\r\n\t\tborder-radius: 4px;\r\n\t}\r\n#wpsm_accordion_1387  .wpsm_panel + .wpsm_panel {\r\n\t\tmargin-top: 5px;\r\n\t}\r\n#wpsm_accordion_1387  .wpsm_panel-body{\r\n\tbackground-color:#ffffff !important;\r\n\tcolor:#000000 !important;\r\n\tborder-top-color: #92d050 !important;\r\n\tfont-size:14px !important;\r\n\tfont-family: Arial !important;\r\n\toverflow: hidden;\r\n\t\tborder: 2px solid transparent !important;\r\n\t}\r\n\r\n#wpsm_accordion_1387 .ac_open_cl_icon{\r\n\tbackground-color:#92d050 !important;\r\n\tcolor: #ffffff !important;\r\n\tfloat:right !important;\r\n\tpadding-top: 12px !important;\r\n\tpadding-bottom: 12px !important;\r\n\tline-height: 1.0 !important;\r\n\tpadding-left: 15px !important;\r\n\tpadding-right: 15px !important;\r\n\tdisplay: inline-block !important;\r\n}\r\n\r\n\t\t\t\r\n\t\t\t<\/style>\t\r\n\t\t\t<\/style>\r\n\t\t\t<div class=\"wpsm_panel-group\" id=\"wpsm_accordion_1387\" >\r\n\t\t\t\t\t\t\t\t\r\n\t\t\t\t\t<!-- Inner panel Start -->\r\n\t\t\t\t\t<div class=\"wpsm_panel wpsm_panel-default\">\r\n\t\t\t\t\t\t<div class=\"wpsm_panel-heading\" role=\"tab\" >\r\n\t\t\t\t\t\t  <h4 class=\"wpsm_panel-title\">\r\n\t\t\t\t\t\t\t<a  class=\"\"  data-toggle=\"collapse\" data-parent=\"#wpsm_accordion_1387 \" href=\"javascript:void(0)\" data-target=\"#ac_1387_collapse1\" onclick=\"do_resize()\">\r\n\t\t\t\t\t\t\t\t\t\t\t\t\t\t\t\t\t<span class=\"ac_open_cl_icon fa fa-minus\"><\/span>\r\n\t\t\t\t\t\t\t\t\t\r\n\t\t\t\t\t\t\t\t \r\n\t\t\t\t\t\t\t\t<span class=\"ac_title_class\">\r\n\t\t\t\t\t\t\t\t\tSchulcharta\t\t\t\t\t\t\t\t<\/span>\r\n\t\t\t\t\t\t\t<\/a>\r\n\t\t\t\t\t\t  <\/h4>\r\n\t\t\t\t\t\t<\/div>\r\n\t\t\t\t\t\t<div id=\"ac_1387_collapse1\" class=\"wpsm_panel-collapse collapse in\"  >\r\n\t\t\t\t\t\t  <div class=\"wpsm_panel-body\">\r\n\t\t\t\t\t\t\t<p>Die Schulcharta des Gymnasiums Wanne wurde 2008 gemeinsam mit Sch\u00fclern, Lehrern und Eltern erarbeitet und beschlossen. Unsere Schulcharta hat das Ziel und die Funktion, uns innerhalb der Schule immer wieder daran zu erinnern und zu betonen, wie wir miteinander umgehen und welche Anforderungen an die Sch\u00fcler, die Lehrer als auch die Eltern f\u00fcr ein erfolgreiches Lernen und Unterrichten gestellt werden. Unsere Schulcharta ist f\u00fcr alle im t\u00e4glichen Schulbetrieb in der Pausenhalle einsehbar. Und auch im Unterricht wird immer wieder auf die darin ausgearbeiteten zentralen Aspekte des sozialen Miteinanders, des gemeinsamen Lernens und der Schule als Zentrum des Wohlf\u00fchlens zur\u00fcckgegriffen und verwiesen.<\/p>\t\t\t\t\t\t  <\/div>\r\n\t\t\t\t\t\t<\/div>\r\n\t\t\t\t\t<\/div>\r\n\t\t\t\t\t<!-- Inner panel End -->\r\n\t\t\t\t\t\r\n\t\t\t\t\t\t\t\t\r\n\t\t\t\t\t<!-- Inner panel Start -->\r\n\t\t\t\t\t<div class=\"wpsm_panel wpsm_panel-default\">\r\n\t\t\t\t\t\t<div class=\"wpsm_panel-heading\" role=\"tab\" >\r\n\t\t\t\t\t\t  <h4 class=\"wpsm_panel-title\">\r\n\t\t\t\t\t\t\t<a  class=\"collapsed\"  data-toggle=\"collapse\" data-parent=\"#wpsm_accordion_1387 \" href=\"javascript:void(0)\" data-target=\"#ac_1387_collapse2\" onclick=\"do_resize()\">\r\n\t\t\t\t\t\t\t\t\t\t\t\t\t\t\t\t\t<span class=\"ac_open_cl_icon fa fa-plus\"><\/span>\r\n\t\t\t\t\t\t\t\t\t\r\n\t\t\t\t\t\t\t\t \r\n\t\t\t\t\t\t\t\t<span class=\"ac_title_class\">\r\n\t\t\t\t\t\t\t\t\tSchulveranstaltungen\t\t\t\t\t\t\t\t<\/span>\r\n\t\t\t\t\t\t\t<\/a>\r\n\t\t\t\t\t\t  <\/h4>\r\n\t\t\t\t\t\t<\/div>\r\n\t\t\t\t\t\t<div id=\"ac_1387_collapse2\" class=\"wpsm_panel-collapse collapse \"  >\r\n\t\t\t\t\t\t  <div class=\"wpsm_panel-body\">\r\n\t\t\t\t\t\t\t<p>Im Laufe der Jahre haben sich am Gymnasium Wanne einige Schulveranstaltungen etabliert, die klassen- oder schul\u00fcbergreifend das Miteinander an unserer Schule nachhaltig f\u00f6rdern und st\u00e4rken.<\/p>\r\n\r\n<p>So findet bereits f\u00fcr die zuk\u00fcnftigen F\u00fcnftkl\u00e4ssler ein Kennenlernnachmittag statt, um den j\u00fcngsten Mitgliedern unserer Schulgemeinschaft den Start am Gymnasium Wanne zu erleichtern. An diesem lernen sie nicht nur die Klassenlehrer und Mitsch\u00fcler kennen, sondern auch die wichtigen Paten, die sich zu Schulbeginn intensiv um die F\u00fcnftkl\u00e4ssler k\u00fcmmern.<\/p>\r\n\r\n<p>Damit auch die Eltern einen Eindruck von dem Leben ihrer Kinder an der Schule erhalten, findet im Laufe des Schuljahres ein Bunter Nachmittag statt, an dem die Sch\u00fcler der 5. Klassen mit verschiedenen Darbietungen zeigen, was sie bereits gelernt haben.<\/p>\r\n\r\n<p>Zur F\u00f6rderung der Schulgemeinschaft werden klassen\u00fcbergreifende Veranstaltungen angeboten, bei denen Sch\u00fcler f\u00fcr Sch\u00fcler und Eltern eigene Projekte erarbeiten und vorstellen. So bietet die Sch\u00fclervertretung f\u00fcr die Erprobungsstufe eine Karnevalsdisco an; sowohl die Musical AG als auch die Literaturkurse der Q1 erarbeiten im Laufe des Schuljahres B\u00fchnenauff\u00fchrungen, die sie dann der Schulgemeinschaft vorf\u00fchren.<\/p>\r\n\r\n<p>Erstmals gab es im Sommer 2017 auch das Schulfest \u201eWanne International\u201c, bei dem das friedliche Zusammenleben der verschiedenen Kulturen an unserer Schule mit tollen von Sch\u00fclern erarbeiteten St\u00e4nden und Auff\u00fchrungen gefeiert wurde.<\/p>\t\t\t\t\t\t  <\/div>\r\n\t\t\t\t\t\t<\/div>\r\n\t\t\t\t\t<\/div>\r\n\t\t\t\t\t<!-- Inner panel End -->\r\n\t\t\t\t\t\r\n\t\t\t\t\t\t\t\t\r\n\t\t\t\t\t<!-- Inner panel Start -->\r\n\t\t\t\t\t<div class=\"wpsm_panel wpsm_panel-default\">\r\n\t\t\t\t\t\t<div class=\"wpsm_panel-heading\" role=\"tab\" >\r\n\t\t\t\t\t\t  <h4 class=\"wpsm_panel-title\">\r\n\t\t\t\t\t\t\t<a  class=\"collapsed\"  data-toggle=\"collapse\" data-parent=\"#wpsm_accordion_1387 \" href=\"javascript:void(0)\" data-target=\"#ac_1387_collapse3\" onclick=\"do_resize()\">\r\n\t\t\t\t\t\t\t\t\t\t\t\t\t\t\t\t\t<span class=\"ac_open_cl_icon fa fa-plus\"><\/span>\r\n\t\t\t\t\t\t\t\t\t\r\n\t\t\t\t\t\t\t\t \r\n\t\t\t\t\t\t\t\t<span class=\"ac_title_class\">\r\n\t\t\t\t\t\t\t\t\tFahrtenprogramm\t\t\t\t\t\t\t\t<\/span>\r\n\t\t\t\t\t\t\t<\/a>\r\n\t\t\t\t\t\t  <\/h4>\r\n\t\t\t\t\t\t<\/div>\r\n\t\t\t\t\t\t<div id=\"ac_1387_collapse3\" class=\"wpsm_panel-collapse collapse \"  >\r\n\t\t\t\t\t\t  <div class=\"wpsm_panel-body\">\r\n\t\t\t\t\t\t\t<p>In den Jahrgangsstufen 5 und 7 sowie in der Einf\u00fchrungsphase und der Qualifikationsphase finden verschiedene Klassen- und Stufenfahrten statt. Besonders die Fahrt der f\u00fcnften Klassen nach Haltern am See und die Fahrt der siebten Klassen sollen Kompetenzen der Teamf\u00e4higkeit st\u00e4rken, indem die Sch\u00fclerinnen und Sch\u00fcler auch au\u00dferhalb der Schule befristet f\u00fcr eine Woche \u201ezusammenleben\u201c und zusammen auskommen m\u00fcssen und dies ihre Sozialkompetenz trainiert.<\/p>\r\n\r\n<p>Die Einf\u00fchrungsphase (Jahrgang 10) unternimmt zu Beginn des Schuljahres ein dreit\u00e4giges Seminar, auf dem sie auf die Arbeitsmethoden der Oberstufe vorbereitet werden. Da es ab der gymnasialen Oberstufe keine Klassenverb\u00e4nde mehr gibt, dient  diese Fahrt auch dem Zusammenwachsen der Stufe. Die Qualifikationsphase 1 (Jahrgang 11) unternimmt eine Studienfahrt, bei der sich die Sch\u00fclerinnen und Sch\u00fcler mit verschiedenen Themen \u2013 orientiert an dem Reiseziel \u2013 befassen.<\/p>\r\n\r\n<p>Zudem finden am Gymnasium Wanne noch regelm\u00e4\u00dfig fachspezifische Exkursionen statt.<\/p>\r\n\r\n<p>So wird von der Fachschaft Englisch alle zwei Jahre ein Kurztrip nach London angeboten. Dieses Angebot soll neben dem Spa\u00df, London zu entdecken, vor allem den Sch\u00fclerinnen und Sch\u00fclern die M\u00f6glichkeit geben, ihre Sprachkenntnisse vor Ort einzusetzen.<\/p>\r\n\r\n<p>Die Franz\u00f6sischkurse der Jahrgangsstufe 8 erkunden auf einer Tagesexkursion die belgische Stadt L\u00fcttich, indem sie eine Rallye durch die Stadt machen und sie danach auf eigene Faust erkunden. Dabei bekommen sie die Gelegenheit, ihre Franz\u00f6sischkenntnisse praktisch anzuwenden.<\/p>\r\n\r\n<p>Der allj\u00e4hrliche Exkursionstag der Jahrgangsstufe 9 zur Wewelsburg bei Paderborn m\u00f6chte den Sch\u00fclerinnen und Sch\u00fclern eine vertiefte Auseinandersetzung mit dem auch heute noch wichtigen und gesellschaftspolitisch relevanten Thema der nationalsozialistischen Vergangenheit Deutschlands erm\u00f6glichen, ebenso wie die Auschwitzfahrt des Geschichts-LKs.<\/p>\r\n\r\n<h2>POLITIK<\/h2>\r\n\r\n<p>Neben diesen im Schulprogramm fest verankerten Fahrten werden am Gymnasium Wanne noch weitere Fahrten angeboten, die auch einen Schwerpunkt auf das soziale Miteinander haben. Sie orientieren sich dabei besonders an dem Austausch mit anderen Nationen und dem Kennenlernen anderer Kulturen:<\/p>\r\n\r\n<p>In der Mittelstufe k\u00f6nnen Sch\u00fclerinnen und Sch\u00fcler der Jahrgangsstufe 9 und EF sich f\u00fcr einen Austausch mit der polnischen Stadt Kolberg an der Ostsee melden. Eine Sch\u00fclergruppe aus Polen kommt f\u00fcr f\u00fcnf Tage nach Wanne-Eickel und verbringt diese Zeit in einer hiesigen Familie. Im Gegenbesuch fahren die deutschen Sch\u00fclerinnen und Sch\u00fcler nach Kolberg und werden dort von Gastfamilien aufgenommen. W\u00e4hrend dieser Zusammenk\u00fcnfte wird allen Beteiligten ein attraktives kulturelles und sportliches Programm angeboten.<\/p>\r\n\r\n<p>Eine begrenzte Anzahl von Sch\u00fclerinnen und Sch\u00fclern der Jahrgangsstufen EF und Q1 des Gymnasiums Wanne kann am Chinaaustausch des Gymnasiums Eickel teilnehmen. Die chinesische Schule aus der Stadt Yushan \u2013 ca. 700 km westlich von Shanghai \u2013 kommen f\u00fcr eine Woche nach Wanne-Eickel. Die deutsche Sch\u00fclergruppe f\u00e4hrt im Gegenbesuch eine Woche zu Gastfamilien nach China und erlebt f\u00fcr eine Woche ein umfangreiches touristische Programm in Shanghai und Umgebung sowie in Peking.<\/p>\t\t\t\t\t\t  <\/div>\r\n\t\t\t\t\t\t<\/div>\r\n\t\t\t\t\t<\/div>\r\n\t\t\t\t\t<!-- Inner panel End -->\r\n\t\t\t\t\t\r\n\t\t\t\t\t\t\t\t\r\n\t\t\t\t\t<!-- Inner panel Start -->\r\n\t\t\t\t\t<div class=\"wpsm_panel wpsm_panel-default\">\r\n\t\t\t\t\t\t<div class=\"wpsm_panel-heading\" role=\"tab\" >\r\n\t\t\t\t\t\t  <h4 class=\"wpsm_panel-title\">\r\n\t\t\t\t\t\t\t<a  class=\"collapsed\"  data-toggle=\"collapse\" data-parent=\"#wpsm_accordion_1387 \" href=\"javascript:void(0)\" data-target=\"#ac_1387_collapse4\" onclick=\"do_resize()\">\r\n\t\t\t\t\t\t\t\t\t\t\t\t\t\t\t\t\t<span class=\"ac_open_cl_icon fa fa-plus\"><\/span>\r\n\t\t\t\t\t\t\t\t\t\r\n\t\t\t\t\t\t\t\t \r\n\t\t\t\t\t\t\t\t<span class=\"ac_title_class\">\r\n\t\t\t\t\t\t\t\t\tPatenprogramm\t\t\t\t\t\t\t\t<\/span>\r\n\t\t\t\t\t\t\t<\/a>\r\n\t\t\t\t\t\t  <\/h4>\r\n\t\t\t\t\t\t<\/div>\r\n\t\t\t\t\t\t<div id=\"ac_1387_collapse4\" class=\"wpsm_panel-collapse collapse \"  >\r\n\t\t\t\t\t\t  <div class=\"wpsm_panel-body\">\r\n\t\t\t\t\t\t\t<p>Die Patinnen und Paten des Gymnasiums Wanne k\u00fcmmern sich in den ersten Schulwochen besonders darum, dass die neuen F\u00fcnftkl\u00e4sslerinnen und F\u00fcnftkl\u00e4ssler sich am Gymnasium Wanne willkommen f\u00fchlen und schnell in den Schulbetrieb hineinwachsen. Dazu bereiten die Patinnen und Paten rund um das Jahr die verschiedensten Veranstaltungen vor und gestalten dadurch das Schulklima in wichtiger Weise mit:<\/p>\r\n\r\n<p>Patinnen und Paten kennen sich im Geb\u00e4ude sowie in den Abl\u00e4ufen des Gymnasiums bestens aus und k\u00f6nnen den Neuen bei der Eingew\u00f6hnung helfen.<\/p>\r\n\r\n<p>Die neuen Sch\u00fclerinnen und Sch\u00fcler waren an der Grundschule die \u00c4ltesten und nun sind sie wieder die Kleinsten. F\u00fcr sie ist es zun\u00e4chst ungewohnt, sich an diese Rolle zu gew\u00f6hnen. Einen Gro\u00dfen zu kennen und als vertrauten Ansprechpartner zu haben, ist f\u00fcr viele eine Hilfe.<\/p>\r\n\r\n<p>Die Patinnen und Paten selbst erwerben und erproben wichtige Organisations- und Sozialkompetenzen. Sie lernen, sich vor gr\u00f6\u00dferen Gruppen zu pr\u00e4sentieren und diese zu leiten. In Konfliktsituationen werden sie zu Vermittlern. Vielen er\u00f6ffnet sich eine neue Sichtweise von Schule, Lehrern und Gruppen. Auch die Begleitung der Klassenfahrt ist f\u00fcr viele eine wichtige Erfahrung auch im Hinblick auf eine Berufsorientierung.<\/p>\r\n\t\t\t\t\t\t  <\/div>\r\n\t\t\t\t\t\t<\/div>\r\n\t\t\t\t\t<\/div>\r\n\t\t\t\t\t<!-- Inner panel End -->\r\n\t\t\t\t\t\r\n\t\t\t\t\t\t\t\t\r\n\t\t\t\t\t<!-- Inner panel Start -->\r\n\t\t\t\t\t<div class=\"wpsm_panel wpsm_panel-default\">\r\n\t\t\t\t\t\t<div class=\"wpsm_panel-heading\" role=\"tab\" >\r\n\t\t\t\t\t\t  <h4 class=\"wpsm_panel-title\">\r\n\t\t\t\t\t\t\t<a  class=\"collapsed\"  data-toggle=\"collapse\" data-parent=\"#wpsm_accordion_1387 \" href=\"javascript:void(0)\" data-target=\"#ac_1387_collapse5\" onclick=\"do_resize()\">\r\n\t\t\t\t\t\t\t\t\t\t\t\t\t\t\t\t\t<span class=\"ac_open_cl_icon fa fa-plus\"><\/span>\r\n\t\t\t\t\t\t\t\t\t\r\n\t\t\t\t\t\t\t\t \r\n\t\t\t\t\t\t\t\t<span class=\"ac_title_class\">\r\n\t\t\t\t\t\t\t\t\tSch\u00fclervertretung, Elternvertretung, F\u00f6rderverein\t\t\t\t\t\t\t\t<\/span>\r\n\t\t\t\t\t\t\t<\/a>\r\n\t\t\t\t\t\t  <\/h4>\r\n\t\t\t\t\t\t<\/div>\r\n\t\t\t\t\t\t<div id=\"ac_1387_collapse5\" class=\"wpsm_panel-collapse collapse \"  >\r\n\t\t\t\t\t\t  <div class=\"wpsm_panel-body\">\r\n\t\t\t\t\t\t\t<p>Damit soziales Miteinander gelingen kann, ist das Zusammenspiel aller Beteiligten der Schulgemeinschaft wichtig, um den Schulalltag mitgestalten zu k\u00f6nnen. Sowohl Sch\u00fcler als auch Eltern des Gymnasiums Wanne nehmen an der Gestaltung und der Organisation des Schulalltages konstruktiv teil.<\/p>\r\n\r\n<p>Eine besondere Aufgabe hat dabei nat\u00fcrlich die Sch\u00fclervertretung. Sie vertritt die Interessen der Sch\u00fclerinnen und Sch\u00fcler, zum Beispiel in der Schulkonferenz. Die SV ist das zentrale Bindeglied zwischen Sch\u00fclerinnen und Sch\u00fclern und den Lehrerinnen und Lehrern, sowie der Schulleitung.<\/p>\r\n\r\n<p>Die SV beteiligt sich aktiv an Schulveranstaltungen, wie beispielsweise Schulfesten, Sponsorenl\u00e4ufen oder dem allj\u00e4hrlichen Tag der offenen T\u00fcr mit eigenen St\u00e4nden und Aktionen, die den Sch\u00fclerinnen und Sch\u00fclern die Arbeit der SV nahebringen oder einfach nur Spa\u00df machen sollen. Zudem organisiert die SV eigene Veranstaltungen und Aktionen, wie z.B. die allj\u00e4hrliche Karnevalsdisco f\u00fcr die F\u00fcnft- und Sechstkl\u00e4ssler, sowie eine Halloween-Kost\u00fcmparty. Durch Aktionen, wie beispielsweise die Nikolaus-Aktion, zeigt die SV durch Spenden der Erl\u00f6se zudem ihr soziales Engagement.<\/p>\r\n\r\n<p>Auch die Eltern werden in den Schulalltag mit einbezogen. Neben zwei Elternsprechtagen (freitags, 14.00 bis 18.00 Uhr) und individuellen Gespr\u00e4chsterminen k\u00f6nnen Eltern und Kinder unsere Beratungsangebote wahrnehmen. F\u00f6rderplangespr\u00e4che am Ende des Schulhalbjahres in Zusammenarbeit von Lehrkraft und Eltern sollen helfen, schulische Probleme zu beseitigen. Selbstverst\u00e4ndlich sind Eltern in den verschiedenen Mitwirkungsgremien unverzichtbar, da sie wichtige Impulse f\u00fcr die Schulentwicklung geben k\u00f6nnen.<\/p>\r\n\r\n<p>M\u00fctter und V\u00e4ter sind auch in die Gestaltung des Schullebens einbezogen (\u201eBunter Nachmittag\u201c, ehrenamtliche T\u00e4tigkeit im Sch\u00fclercaf\u00e9, Mitarbeit im F\u00f6rderverein, Unterst\u00fctzung von Klassen- und Schulfesten sowie Auff\u00fchrungen durch Sach- und Geldspenden).<\/p>\r\n\r\n<p>Der <a href=\"informationen\/gremien\/foerderverein\">F\u00f6rderverein<\/a> ist ein weiteres wichtiges Bindeglied f\u00fcr ein gelingendes soziales Miteinander an unserer Schule. Er setzt sich zusammen aus Eltern, Lehrern und ehemaligen und jetzigen Sch\u00fclerinnen und Sch\u00fclern der Schule. Er sorgt sich um organisatorische, finanzielle und sonstigen Probleme und k\u00fcmmert sich darum, dass zum Beispiel durch Spenden und Beitr\u00e4gen Unterrichtsmaterialien und Materialien f\u00fcr Arbeitsgemeinschaften usw. finanziert werden k\u00f6nnen. Au\u00dferdem hilft der Verein auf Antrag bed\u00fcrftigen Sch\u00fclern mit Zusch\u00fcssen bei Schulfahrten, wenn sie sonst an den Fahrten nicht teilnehmen k\u00f6nnten.<\/p>\t\t\t\t\t\t  <\/div>\r\n\t\t\t\t\t\t<\/div>\r\n\t\t\t\t\t<\/div>\r\n\t\t\t\t\t<!-- Inner panel End -->\r\n\t\t\t\t\t\r\n\t\t\t\t\t\t\t\t\r\n\t\t\t\t\t<!-- Inner panel Start -->\r\n\t\t\t\t\t<div class=\"wpsm_panel wpsm_panel-default\">\r\n\t\t\t\t\t\t<div class=\"wpsm_panel-heading\" role=\"tab\" >\r\n\t\t\t\t\t\t  <h4 class=\"wpsm_panel-title\">\r\n\t\t\t\t\t\t\t<a  class=\"collapsed\"  data-toggle=\"collapse\" data-parent=\"#wpsm_accordion_1387 \" href=\"javascript:void(0)\" data-target=\"#ac_1387_collapse6\" onclick=\"do_resize()\">\r\n\t\t\t\t\t\t\t\t\t\t\t\t\t\t\t\t\t<span class=\"ac_open_cl_icon fa fa-plus\"><\/span>\r\n\t\t\t\t\t\t\t\t\t\r\n\t\t\t\t\t\t\t\t \r\n\t\t\t\t\t\t\t\t<span class=\"ac_title_class\">\r\n\t\t\t\t\t\t\t\t\tArbeitsgemeinschaften\t\t\t\t\t\t\t\t<\/span>\r\n\t\t\t\t\t\t\t<\/a>\r\n\t\t\t\t\t\t  <\/h4>\r\n\t\t\t\t\t\t<\/div>\r\n\t\t\t\t\t\t<div id=\"ac_1387_collapse6\" class=\"wpsm_panel-collapse collapse \"  >\r\n\t\t\t\t\t\t  <div class=\"wpsm_panel-body\">\r\n\t\t\t\t\t\t\t<p>Von Montag bis Freitag bietet das Gymnasium Wanne nach dem regul\u00e4ren Unterricht ein breit gef\u00e4chertes Angebot an Arbeitsgemeinschaften, das von Musik und Bewegung, \u00fcber Sport und Spiel, bis in kreative, gestalterische  oder sprachliche Bereiche geht.<\/p>\r\n\r\n<p>Die Sch\u00fclerinnen und Sch\u00fcler k\u00f6nnen jedes Halbjahr aus ca. 12 verschiedenen Arbeitsgemeinschaften ausw\u00e4hlen und sich so ihren pers\u00f6nlichen Freizeitfahrplan f\u00fcr den Nachmittag zusammenstellen. Die Sch\u00fclerinnen und Sch\u00fcler k\u00f6nnen dabei frei entscheiden, wie viele Arbeitsgemeinschaften sie besuchen m\u00f6chten. Es gibt auch die M\u00f6glichkeit gar keine AG zu w\u00e4hlen. Alle Arbeitsgemeinschaften werden von Sch\u00fclern, Lehrern, Eltern oder geschulten Personen aus Sportvereinen geleitet und dauern je nach Art des Angebots zwischen 45 und 90 Minuten.<\/p>\t\t\t\t\t\t  <\/div>\r\n\t\t\t\t\t\t<\/div>\r\n\t\t\t\t\t<\/div>\r\n\t\t\t\t\t<!-- Inner panel End -->\r\n\t\t\t\t\t\r\n\t\t\t\t\t\t\t\t\r\n\t\t\t\t\t<!-- Inner panel Start -->\r\n\t\t\t\t\t<div class=\"wpsm_panel wpsm_panel-default\">\r\n\t\t\t\t\t\t<div class=\"wpsm_panel-heading\" role=\"tab\" >\r\n\t\t\t\t\t\t  <h4 class=\"wpsm_panel-title\">\r\n\t\t\t\t\t\t\t<a  class=\"collapsed\"  data-toggle=\"collapse\" data-parent=\"#wpsm_accordion_1387 \" href=\"javascript:void(0)\" data-target=\"#ac_1387_collapse7\" onclick=\"do_resize()\">\r\n\t\t\t\t\t\t\t\t\t\t\t\t\t\t\t\t\t<span class=\"ac_open_cl_icon fa fa-plus\"><\/span>\r\n\t\t\t\t\t\t\t\t\t\r\n\t\t\t\t\t\t\t\t \r\n\t\t\t\t\t\t\t\t<span class=\"ac_title_class\">\r\n\t\t\t\t\t\t\t\t\tSozialpraktikum\t\t\t\t\t\t\t\t<\/span>\r\n\t\t\t\t\t\t\t<\/a>\r\n\t\t\t\t\t\t  <\/h4>\r\n\t\t\t\t\t\t<\/div>\r\n\t\t\t\t\t\t<div id=\"ac_1387_collapse7\" class=\"wpsm_panel-collapse collapse \"  >\r\n\t\t\t\t\t\t  <div class=\"wpsm_panel-body\">\r\n\t\t\t\t\t\t\t<p>Im Sozialpraktikum arbeiten die Sch\u00fclerinnen und Sch\u00fcler der Klassen 9 in einem zweiw\u00f6chigen Blockpraktikum in  sozialen Einrichtungen der Stadt Herne und der umliegenden St\u00e4dte. Dabei handelte es sich um Institutionen, die eine Begegnung mit Menschen in besonderen Lebens- und Problemsituationen erm\u00f6glichen. Dies k\u00f6nnen integrative Kinderg\u00e4rten, Behinderteneinrichtungen, Senioreneinrichtungen oder auch die Tafel sein. Ziel eines solchen Praktikums soll es sein, Sch\u00fclern und Sch\u00fclerinnen ein soziales Bewusstsein zu vermitteln und soziales Lernen zu f\u00f6rdern. Die Vor- und Nachbereitung des Praktikums findet im Fachunterricht Religion und Praktische Philosophie statt. Dort werden einerseits Bef\u00fcrchtungen und Ber\u00fchrungs\u00e4ngste und andererseits die \u00dcbernahme sozialer Verantwortung und der eigene Nutzen f\u00fcr die Gesamtgesellschaft reflektiert. Nat\u00fcrlich kann hierbei auch die Frage des eigenen Werdegangs beeinflusst werden, was nach dem Praktikum zu einem weitergehenden Engagement im sozialen Bereich f\u00fchren kann.<\/p>\t\t\t\t\t\t  <\/div>\r\n\t\t\t\t\t\t<\/div>\r\n\t\t\t\t\t<\/div>\r\n\t\t\t\t\t<!-- Inner panel End -->\r\n\t\t\t\t\t\r\n\t\t\t\t\t\t\t<\/div>\r\n\t\t\t\r\n<script type=\"text\/javascript\">\r\n\t\r\n\t\tfunction do_resize(){\r\n\r\n\t\t\tvar width=jQuery( '.wpsm_panel .wpsm_panel-body iframe' ).width();\r\n\t\t\tvar height=jQuery( '.wpsm_panel .wpsm_panel-body iframe' ).height();\r\n\r\n\t\t\tvar toggleSize = true;\r\n\t\t\tjQuery('iframe').animate({\r\n\t\t\t    width: toggleSize ? width : 640,\r\n\t\t\t    height: toggleSize ? height : 360\r\n\t\t\t  }, 250);\r\n\r\n\t\t\t  toggleSize = !toggleSize;\r\n\t\t}\r\n\t\t\r\n<\/script>\t\n<p>&nbsp;<\/p>\n","protected":false},"excerpt":{"rendered":"<p>Soziales Miteinander Ein gelingendes soziales Miteinander ist eine wichtige Voraussetzung f\u00fcr Lernerfolge. Die F\u00f6rderung der personalen und sozialen Kompetenzen unserer Sch\u00fcler ist uns deshalb ein wichtiges Anliegen. Durch verschiedene Aktivit\u00e4ten werden den Sch\u00fclern Werte und Normen n\u00e4hergebracht, die auch au\u00dferhalb &hellip; <a href=\"https:\/\/www.gymnasium-wanne.de\/wordpress\/?p=1387\">Weiter<\/a><\/p>\n","protected":false},"author":2,"featured_media":0,"parent":539,"menu_order":0,"comment_status":"closed","ping_status":"closed","template":"","meta":{"footnotes":""},"class_list":["post-1361","page","type-page","status-publish","hentry"],"publishpress_future_action":{"enabled":false,"date":"2026-04-24 03:13:26","action":"change-status","newStatus":"draft","terms":[],"taxonomy":"","extraData":[]},"publishpress_future_workflow_manual_trigger":{"enabledWorkflows":[]},"_links":{"self":[{"href":"https:\/\/www.gymnasium-wanne.de\/wordpress\/wp-json\/wp\/v2\/pages\/1361","targetHints":{"allow":["GET"]}}],"collection":[{"href":"https:\/\/www.gymnasium-wanne.de\/wordpress\/wp-json\/wp\/v2\/pages"}],"about":[{"href":"https:\/\/www.gymnasium-wanne.de\/wordpress\/wp-json\/wp\/v2\/types\/page"}],"author":[{"embeddable":true,"href":"https:\/\/www.gymnasium-wanne.de\/wordpress\/wp-json\/wp\/v2\/users\/2"}],"replies":[{"embeddable":true,"href":"https:\/\/www.gymnasium-wanne.de\/wordpress\/wp-json\/wp\/v2\/comments?post=1361"}],"version-history":[{"count":3,"href":"https:\/\/www.gymnasium-wanne.de\/wordpress\/wp-json\/wp\/v2\/pages\/1361\/revisions"}],"predecessor-version":[{"id":1400,"href":"https:\/\/www.gymnasium-wanne.de\/wordpress\/wp-json\/wp\/v2\/pages\/1361\/revisions\/1400"}],"up":[{"embeddable":true,"href":"https:\/\/www.gymnasium-wanne.de\/wordpress\/wp-json\/wp\/v2\/pages\/539"}],"wp:attachment":[{"href":"https:\/\/www.gymnasium-wanne.de\/wordpress\/wp-json\/wp\/v2\/media?parent=1361"}],"curies":[{"name":"wp","href":"https:\/\/api.w.org\/{rel}","templated":true}]}}