{"id":1353,"date":"2018-02-14T13:12:58","date_gmt":"2018-02-14T12:12:58","guid":{"rendered":"http:\/\/www.gymnasium-wanne.de\/wordpress\/?page_id=1353"},"modified":"2018-02-14T14:56:42","modified_gmt":"2018-02-14T13:56:42","slug":"sport-und-gesundheit","status":"publish","type":"page","link":"https:\/\/www.gymnasium-wanne.de\/wordpress\/schulprogramm\/sport-und-gesundheit\/","title":{"rendered":"Sport und Gesundheit"},"content":{"rendered":"<h1><a name=\"_Toc367697017\"><\/a>Sport und Gesundheit<\/h1>\n<p style=\"font-size:11pt\">Als die Schulkonferenz im Jahr 2009 beschloss, dass Gymnasium Wanne als erstes Herner Gymnasium zu einer gebundenen Ganztagsschule auszubauen, r\u00fcckten mit den abzusehenden Ver\u00e4nderungen in Bezug auf Lernrhythmisierung und Arbeitsbelastung auch Themen wie gesunde Ern\u00e4hrung und Bewegung zunehmend in den Fokus der Schulentwicklung. Wie im Folgenden n\u00e4her erl\u00e4utert wird, haben wir uns diesen Themen sowohl auf inhaltlicher (Sport Leistungskurs, WPII Bio\/Sport) als auch organisatorischer Ebene gestellt.<\/p>\n<p style=\"font-size:11pt\">Gesundheit, Sport und soziales Miteinander unterst\u00fctzen erfolgreiches Lernen und bilden eine nachhaltige Grundlage f\u00fcr die Zukunft unserer Sch\u00fclerinnen und Sch\u00fcler. Gerade im Bereich Sport k\u00f6nnen Sch\u00fclerinnen und Sch\u00fcler gegenseitige Wertsch\u00e4tzung und Anerkennung erfahren, die ermutigt, unterst\u00fctzt, herausfordert und niemanden ausgrenzt. Ein dynamisches Gleichgewicht von Anspannung und Entspannung\u00a0 sorgt dabei f\u00fcr sportliche Leistungen wie auch verbesserte Leistungen im rhythmisierten Ganztag.<\/p>\n<p style=\"font-size:11pt\">Zur Umsetzung der Gesundheitsbildungsziele, die zum grundlegenden Bildungs- und Erziehungsauftrag von Schule geh\u00f6ren, hat das Gymnasium Wanne verschiedene Ma\u00dfnahmen ergriffen, um die individuellen Ressourcen der Kinder und Jugendlichen zu st\u00e4rken und ein Wohlbefinden aller an Schule Beteiligten zu erreichen.<\/p>\n\t\t\t\t\t\t<style>\r\n\t\t\t\t<style>\r\n#wpsm_accordion_1385 .wpsm_panel-heading{\r\n\tpadding:0px !important;\r\n}\r\n#wpsm_accordion_1385 .wpsm_panel-title {\r\n\tmargin:0px !important; \r\n\ttext-transform:none !important;\r\n\tline-height: 1 !important;\r\n}\r\n#wpsm_accordion_1385 .wpsm_panel-title a{\r\n\ttext-decoration:none;\r\n\toverflow:hidden;\r\n\tdisplay:block;\r\n\tpadding:0px;\r\n\tfont-size: 18px !important;\r\n\tfont-family: Arial !important;\r\n\tcolor:#ffffff !important;\r\n\tborder-bottom:0px !important;\r\n}\r\n\r\n#wpsm_accordion_1385 .wpsm_panel-title a:focus {\r\noutline: 0px !important;\r\n}\r\n\r\n#wpsm_accordion_1385 .wpsm_panel-title a:hover, #wpsm_accordion_1385 .wpsm_panel-title a:focus {\r\n\tcolor:#ffffff !important;\r\n}\r\n#wpsm_accordion_1385 .acc-a{\r\n\tcolor: #ffffff !important;\r\n\tbackground-color:#92d050 !important;\r\n\tborder-color: #ddd;\r\n}\r\n#wpsm_accordion_1385 .wpsm_panel-default > .wpsm_panel-heading{\r\n\tcolor: #ffffff !important;\r\n\tbackground-color: #92d050 !important;\r\n\tborder-color: #92d050 !important;\r\n\tborder-top-left-radius: 0px;\r\n\tborder-top-right-radius: 0px;\r\n}\r\n#wpsm_accordion_1385 .wpsm_panel-default {\r\n\t\tborder:1px solid transparent !important;\r\n\t}\r\n#wpsm_accordion_1385 {\r\n\tmargin-bottom: 20px;\r\n\toverflow: hidden;\r\n\tfloat: none;\r\n\twidth: 100%;\r\n\tdisplay: block;\r\n}\r\n#wpsm_accordion_1385 .ac_title_class{\r\n\tdisplay: block;\r\n\tpadding-top: 12px;\r\n\tpadding-bottom: 12px;\r\n\tpadding-left: 15px;\r\n\tpadding-right: 15px;\r\n}\r\n#wpsm_accordion_1385  .wpsm_panel {\r\n\toverflow:hidden;\r\n\t-webkit-box-shadow: 0 0px 0px rgba(0, 0, 0, .05);\r\n\tbox-shadow: 0 0px 0px rgba(0, 0, 0, .05);\r\n\t\tborder-radius: 4px;\r\n\t}\r\n#wpsm_accordion_1385  .wpsm_panel + .wpsm_panel {\r\n\t\tmargin-top: 5px;\r\n\t}\r\n#wpsm_accordion_1385  .wpsm_panel-body{\r\n\tbackground-color:#ffffff !important;\r\n\tcolor:#000000 !important;\r\n\tborder-top-color: #92d050 !important;\r\n\tfont-size:14px !important;\r\n\tfont-family: Arial !important;\r\n\toverflow: hidden;\r\n\t\tborder: 2px solid transparent !important;\r\n\t}\r\n\r\n#wpsm_accordion_1385 .ac_open_cl_icon{\r\n\tbackground-color:#92d050 !important;\r\n\tcolor: #ffffff !important;\r\n\tfloat:right !important;\r\n\tpadding-top: 12px !important;\r\n\tpadding-bottom: 12px !important;\r\n\tline-height: 1.0 !important;\r\n\tpadding-left: 15px !important;\r\n\tpadding-right: 15px !important;\r\n\tdisplay: inline-block !important;\r\n}\r\n\r\n\t\t\t\r\n\t\t\t<\/style>\t\r\n\t\t\t<\/style>\r\n\t\t\t<div class=\"wpsm_panel-group\" id=\"wpsm_accordion_1385\" >\r\n\t\t\t\t\t\t\t\t\r\n\t\t\t\t\t<!-- Inner panel Start -->\r\n\t\t\t\t\t<div class=\"wpsm_panel wpsm_panel-default\">\r\n\t\t\t\t\t\t<div class=\"wpsm_panel-heading\" role=\"tab\" >\r\n\t\t\t\t\t\t  <h4 class=\"wpsm_panel-title\">\r\n\t\t\t\t\t\t\t<a  class=\"\"  data-toggle=\"collapse\" data-parent=\"#wpsm_accordion_1385 \" href=\"javascript:void(0)\" data-target=\"#ac_1385_collapse1\" onclick=\"do_resize()\">\r\n\t\t\t\t\t\t\t\t\t\t\t\t\t\t\t\t\t<span class=\"ac_open_cl_icon fa fa-minus\"><\/span>\r\n\t\t\t\t\t\t\t\t\t\r\n\t\t\t\t\t\t\t\t \r\n\t\t\t\t\t\t\t\t<span class=\"ac_title_class\">\r\n\t\t\t\t\t\t\t\t\tPhysik und Chemie des menschlichen K\u00f6rpers\t\t\t\t\t\t\t\t<\/span>\r\n\t\t\t\t\t\t\t<\/a>\r\n\t\t\t\t\t\t  <\/h4>\r\n\t\t\t\t\t\t<\/div>\r\n\t\t\t\t\t\t<div id=\"ac_1385_collapse1\" class=\"wpsm_panel-collapse collapse in\"  >\r\n\t\t\t\t\t\t  <div class=\"wpsm_panel-body\">\r\n\t\t\t\t\t\t\t<p>Im Wahlbereich ab Klasse 8 werden verschiedene Themenbl\u00f6cke behandelt, die in der Form in den Lehrpl\u00e4nen der F\u00e4cher Biologie, Chemie und Physik nicht vorkommen. Neben Drogen und der Frage, wie gef\u00e4hrlich Shishas sind, werden in Jgst. 8 Aspekte rund um den Hautschutz, der Hautpflege sowie K\u00f6rpersensationen, d.h. das Zustandekommen bestimmter Wahrnehmungen thematisiert. In Klasse 9 stehen Energydrinks, ihre Inhaltsstoffe und Auswirkungen auf den K\u00f6rper im Fokus. Dar\u00fcber hinaus werden die Themenfelder Pr\u00fcfungsangst, Allergien und andere Hautkrankheiten sowie das Zusammenspiel bestimmter Nahrungsmittel und erzielter Leistungsf\u00e4higkeit behandelt.<\/p>\r\n\r\n<p>Interessierte Sch\u00fclerinnen und Sch\u00fcler sollen ihr Wissen vertiefen und vernetzen. Naturwissenschaftliche Arbeitsweisen und Verfahren werden in diesem Kurs weiter gef\u00f6rdert, wobei dabei dem selbstst\u00e4ndigen und praktischen Arbeiten der Sch\u00fclerinnen und Sch\u00fcler sowie dem eigenst\u00e4ndigen Recherchieren, Pr\u00e4sentieren und Bewerten von Fragestellungen eine besondere Bedeutung zukommt. Bei vielen Themen haben die Kurse ein Mitspracherecht. Dadurch ist es m\u00f6glich, auch brisante und aktuelle Themen aufzunehmen und zu bearbeiten, welche einen sch\u00fclerorientierten und lebensnahen Unterricht versprechen. Dieser Wahlbereich ist eine sinnvolle Erg\u00e4nzung zum normalen Fachunterricht im Hinblick auf die Vorbereitung f\u00fcr den Sport-LK oder Biologieunterricht in der Sek II.<\/p>\t\t\t\t\t\t  <\/div>\r\n\t\t\t\t\t\t<\/div>\r\n\t\t\t\t\t<\/div>\r\n\t\t\t\t\t<!-- Inner panel End -->\r\n\t\t\t\t\t\r\n\t\t\t\t\t\t\t\t\r\n\t\t\t\t\t<!-- Inner panel Start -->\r\n\t\t\t\t\t<div class=\"wpsm_panel wpsm_panel-default\">\r\n\t\t\t\t\t\t<div class=\"wpsm_panel-heading\" role=\"tab\" >\r\n\t\t\t\t\t\t  <h4 class=\"wpsm_panel-title\">\r\n\t\t\t\t\t\t\t<a  class=\"collapsed\"  data-toggle=\"collapse\" data-parent=\"#wpsm_accordion_1385 \" href=\"javascript:void(0)\" data-target=\"#ac_1385_collapse2\" onclick=\"do_resize()\">\r\n\t\t\t\t\t\t\t\t\t\t\t\t\t\t\t\t\t<span class=\"ac_open_cl_icon fa fa-plus\"><\/span>\r\n\t\t\t\t\t\t\t\t\t\r\n\t\t\t\t\t\t\t\t \r\n\t\t\t\t\t\t\t\t<span class=\"ac_title_class\">\r\n\t\t\t\t\t\t\t\t\tPausensport\t\t\t\t\t\t\t\t<\/span>\r\n\t\t\t\t\t\t\t<\/a>\r\n\t\t\t\t\t\t  <\/h4>\r\n\t\t\t\t\t\t<\/div>\r\n\t\t\t\t\t\t<div id=\"ac_1385_collapse2\" class=\"wpsm_panel-collapse collapse \"  >\r\n\t\t\t\t\t\t  <div class=\"wpsm_panel-body\">\r\n\t\t\t\t\t\t\tVon Montag bis Freitag bietet das Gymnasium Wanne in den gro\u00dfen Vormittagspausen und w\u00e4hrend der Mittagspausen in der 6. beziehungsweise 7. Stunde den Pausensport in unserer Sporthalle an. Zu diesen Zeiten werden die Sch\u00fclerinnen und Sch\u00fcler der Erprobungs- und Mittelstufe von Sporthelferinnen und Sporthelfern aus der Oberstufe betreut, die eine entsprechende Ausbildung am Gymnasium Wanne absolviert haben und vom Stadtsportbund daf\u00fcr zertifiziert wurden. Zu den sportlichen Aktivit\u00e4ten im Pausensport z\u00e4hlen beispielsweise Fu\u00dfball, Basketball, Hockey, V\u00f6lkerball oder Waveboard.\t\t\t\t\t\t  <\/div>\r\n\t\t\t\t\t\t<\/div>\r\n\t\t\t\t\t<\/div>\r\n\t\t\t\t\t<!-- Inner panel End -->\r\n\t\t\t\t\t\r\n\t\t\t\t\t\t\t\t\r\n\t\t\t\t\t<!-- Inner panel Start -->\r\n\t\t\t\t\t<div class=\"wpsm_panel wpsm_panel-default\">\r\n\t\t\t\t\t\t<div class=\"wpsm_panel-heading\" role=\"tab\" >\r\n\t\t\t\t\t\t  <h4 class=\"wpsm_panel-title\">\r\n\t\t\t\t\t\t\t<a  class=\"collapsed\"  data-toggle=\"collapse\" data-parent=\"#wpsm_accordion_1385 \" href=\"javascript:void(0)\" data-target=\"#ac_1385_collapse3\" onclick=\"do_resize()\">\r\n\t\t\t\t\t\t\t\t\t\t\t\t\t\t\t\t\t<span class=\"ac_open_cl_icon fa fa-plus\"><\/span>\r\n\t\t\t\t\t\t\t\t\t\r\n\t\t\t\t\t\t\t\t \r\n\t\t\t\t\t\t\t\t<span class=\"ac_title_class\">\r\n\t\t\t\t\t\t\t\t\tSporthelferausbildung\t\t\t\t\t\t\t\t<\/span>\r\n\t\t\t\t\t\t\t<\/a>\r\n\t\t\t\t\t\t  <\/h4>\r\n\t\t\t\t\t\t<\/div>\r\n\t\t\t\t\t\t<div id=\"ac_1385_collapse3\" class=\"wpsm_panel-collapse collapse \"  >\r\n\t\t\t\t\t\t  <div class=\"wpsm_panel-body\">\r\n\t\t\t\t\t\t\t<p>Die Sporthelferausbildung am Gymnasium Wanne qualifiziert Jugendliche der 9. Klasse und der Oberstufe f\u00fcr die sportliche Arbeit mit Kindern an unserer Schule und im Sportverein. Sie sind somit speziell ausgebildete Sch\u00fclerinnen und Sch\u00fcler, die Bewegungs-, Spiel- und Sportangebote f\u00fcr Mitsch\u00fclerinnen und Mitsch\u00fcler im Pausensport und im Ganztag am Gymnasium Wanne gestalten und durchf\u00fchren.<\/p>\r\n\r\n<p>Um sich als Sporthelfer  zu qualifizieren, m\u00fcssen die Jugendlichen nicht Mitglieder in einem Sportverein sein. Hauptziele sind die F\u00f6rderung von Gesundheit, Eigeninitiative, Kreativit\u00e4t und eigenverantwortlichem Verhalten sowie die Verringerung der Anzahl von Unf\u00e4llen und Aggressionen w\u00e4hrend der Pausen. Inhalte der Ausbildung sind die Anleitung und auch Visualisierung von Spielen, die Organisation und Durchf\u00fchrung von Spielen, sportp\u00e4dagogische und -soziologische Grundlagen im Umgang mit Sportgruppen, geeignete Prinzipien des Warm-Up und Cool-Down sowie angemessene Dehn\u00fcbungen  und sportbiologische und -medizinische Grundlagen. Die Ausbildung erfolgt entweder in Form einer Arbeitsgemeinschaft w\u00e4hrend eines Schulquartals oder durch einen dreit\u00e4gigen, extern angeleiteten Kompaktkurs des Stadtsportbundes. Die erfolgreiche Teilnahme wird den SporthelferInnen durch ein Zertifikat bescheinigt. Die Ausbildung entspricht der Gruppenhelfer I \u2013 Ausbildung der Sportjugend NRW und wird damit auch f\u00fcr eine sp\u00e4tere Vereinst\u00e4tigkeit anerkannt. Somit k\u00f6nnen GruppenhelferInnen gleicherma\u00dfen in Verein und Schule eingesetzt werden.<\/p>\t\t\t\t\t\t  <\/div>\r\n\t\t\t\t\t\t<\/div>\r\n\t\t\t\t\t<\/div>\r\n\t\t\t\t\t<!-- Inner panel End -->\r\n\t\t\t\t\t\r\n\t\t\t\t\t\t\t\t\r\n\t\t\t\t\t<!-- Inner panel Start -->\r\n\t\t\t\t\t<div class=\"wpsm_panel wpsm_panel-default\">\r\n\t\t\t\t\t\t<div class=\"wpsm_panel-heading\" role=\"tab\" >\r\n\t\t\t\t\t\t  <h4 class=\"wpsm_panel-title\">\r\n\t\t\t\t\t\t\t<a  class=\"collapsed\"  data-toggle=\"collapse\" data-parent=\"#wpsm_accordion_1385 \" href=\"javascript:void(0)\" data-target=\"#ac_1385_collapse4\" onclick=\"do_resize()\">\r\n\t\t\t\t\t\t\t\t\t\t\t\t\t\t\t\t\t<span class=\"ac_open_cl_icon fa fa-plus\"><\/span>\r\n\t\t\t\t\t\t\t\t\t\r\n\t\t\t\t\t\t\t\t \r\n\t\t\t\t\t\t\t\t<span class=\"ac_title_class\">\r\n\t\t\t\t\t\t\t\t\tSponsorenlauf\t\t\t\t\t\t\t\t<\/span>\r\n\t\t\t\t\t\t\t<\/a>\r\n\t\t\t\t\t\t  <\/h4>\r\n\t\t\t\t\t\t<\/div>\r\n\t\t\t\t\t\t<div id=\"ac_1385_collapse4\" class=\"wpsm_panel-collapse collapse \"  >\r\n\t\t\t\t\t\t  <div class=\"wpsm_panel-body\">\r\n\t\t\t\t\t\t\t<p>Der Sponsorenlauf am Gymnasium Wanne findet seit 2008 statt. Alle Sch\u00fclerinnen und Sch\u00fcler, Lehrerinnen und Lehrer sowie interessierte Eltern laufen an einem Tag gemeinsam im Stadtpark Wanne. Dieses gemeinsame Sporttreiben soll das Miteinander der Schulgemeinschaft st\u00e4rken und zus\u00e4tzlich Gelder f\u00fcr karitative Projekte aus dem Umfeld der Schule \u2013 sowie die Schule und Sch\u00fcler selber \u2013 generieren.<\/p>\r\n\r\n<p>Im Vorfeld des Laufs suchen sich die Sch\u00fclerinnen und Sch\u00fcler m\u00f6glichst viele Sponsoren, die bereit sind, f\u00fcr jede geleistete Runde von 500 m einen Geldbetrag zu zahlen. Jede Person kann prinzipiell als Sponsor gewonnen werden: Verwandte, Freunde, Bekannte, Trainer, Lehrer, Mitsch\u00fcler. Kulinarisch betreut durch das Mensa- und Breakpoint-Team, musikalisch angefeuert vom Technik-Team und finanziell unterst\u00fctzt durch Kooperationspartner und Gro\u00dfsponsoren kommen so Spendenergebnisse im f\u00fcnfstelligen Bereich zusammen. Bisher unterst\u00fctzte Projekte sind das Kinderheim Herne, das Hot Jugendbistro Wanne, der Wittekindshof Herne, Hilfe f\u00fcr Lara\/DKMS und Jugend st\u00e4rken \u2013 Projekt obdachlose Jugendliche der GfS Herne.<\/p>\t\t\t\t\t\t  <\/div>\r\n\t\t\t\t\t\t<\/div>\r\n\t\t\t\t\t<\/div>\r\n\t\t\t\t\t<!-- Inner panel End -->\r\n\t\t\t\t\t\r\n\t\t\t\t\t\t\t\t\r\n\t\t\t\t\t<!-- Inner panel Start -->\r\n\t\t\t\t\t<div class=\"wpsm_panel wpsm_panel-default\">\r\n\t\t\t\t\t\t<div class=\"wpsm_panel-heading\" role=\"tab\" >\r\n\t\t\t\t\t\t  <h4 class=\"wpsm_panel-title\">\r\n\t\t\t\t\t\t\t<a  class=\"collapsed\"  data-toggle=\"collapse\" data-parent=\"#wpsm_accordion_1385 \" href=\"javascript:void(0)\" data-target=\"#ac_1385_collapse5\" onclick=\"do_resize()\">\r\n\t\t\t\t\t\t\t\t\t\t\t\t\t\t\t\t\t<span class=\"ac_open_cl_icon fa fa-plus\"><\/span>\r\n\t\t\t\t\t\t\t\t\t\r\n\t\t\t\t\t\t\t\t \r\n\t\t\t\t\t\t\t\t<span class=\"ac_title_class\">\r\n\t\t\t\t\t\t\t\t\tSport- und Gesundheitstag\t\t\t\t\t\t\t\t<\/span>\r\n\t\t\t\t\t\t\t<\/a>\r\n\t\t\t\t\t\t  <\/h4>\r\n\t\t\t\t\t\t<\/div>\r\n\t\t\t\t\t\t<div id=\"ac_1385_collapse5\" class=\"wpsm_panel-collapse collapse \"  >\r\n\t\t\t\t\t\t  <div class=\"wpsm_panel-body\">\r\n\t\t\t\t\t\t\t<p>Im zweij\u00e4hrigen Rhythmus veranstaltet das Gymnasium Wanne kurz vor den Sommerferien einen abwechslungsreichen Projekttag zum Thema Sport und Gesundheit. Im Rahmen dieses Tages haben alle Sch\u00fclerinnen und Sch\u00fcler Gelegenheit, unterschiedliche Aktionen und Workshops zu besuchen und sich auszuprobieren. Das vielf\u00e4ltige Programm wird durch Lehrerinnen und Lehrer, engagierte Sch\u00fclerinnen und Sch\u00fcler sowie externe Vereine, \u00c4rzte, Organisationen oder Firmen gestaltet. Im halbst\u00fcndigen Takt suchen sich die Sch\u00fclerinnen und Sch\u00fcler \u2013 je nach Vorliebe \u2013 Workshops aus, an denen sie teilnehmen wollen. Im Angebot stehen neben klassischen Sportspielen wie z.B. Tennis, Basketball, Fu\u00dfball auch Tanz, Yoga, Selbstverteidigung, Step-Aerobic oder Bodystyling. Wer weniger k\u00f6rperlich aktiv sein m\u00f6chte, besucht z.B. die Geschmacksreise, experimentiert oder absolviert einen Alkohol-Simulations-Parcours. Aus mehr als 70 Angeboten kann gew\u00e4hlt werden.<\/p>\t\t\t\t\t\t  <\/div>\r\n\t\t\t\t\t\t<\/div>\r\n\t\t\t\t\t<\/div>\r\n\t\t\t\t\t<!-- Inner panel End -->\r\n\t\t\t\t\t\r\n\t\t\t\t\t\t\t\t\r\n\t\t\t\t\t<!-- Inner panel Start -->\r\n\t\t\t\t\t<div class=\"wpsm_panel wpsm_panel-default\">\r\n\t\t\t\t\t\t<div class=\"wpsm_panel-heading\" role=\"tab\" >\r\n\t\t\t\t\t\t  <h4 class=\"wpsm_panel-title\">\r\n\t\t\t\t\t\t\t<a  class=\"collapsed\"  data-toggle=\"collapse\" data-parent=\"#wpsm_accordion_1385 \" href=\"javascript:void(0)\" data-target=\"#ac_1385_collapse6\" onclick=\"do_resize()\">\r\n\t\t\t\t\t\t\t\t\t\t\t\t\t\t\t\t\t<span class=\"ac_open_cl_icon fa fa-plus\"><\/span>\r\n\t\t\t\t\t\t\t\t\t\r\n\t\t\t\t\t\t\t\t \r\n\t\t\t\t\t\t\t\t<span class=\"ac_title_class\">\r\n\t\t\t\t\t\t\t\t\tMensa\t\t\t\t\t\t\t\t<\/span>\r\n\t\t\t\t\t\t\t<\/a>\r\n\t\t\t\t\t\t  <\/h4>\r\n\t\t\t\t\t\t<\/div>\r\n\t\t\t\t\t\t<div id=\"ac_1385_collapse6\" class=\"wpsm_panel-collapse collapse \"  >\r\n\t\t\t\t\t\t  <div class=\"wpsm_panel-body\">\r\n\t\t\t\t\t\t\t<p>Das Mittagessen im Speisesaal ist in das Schulprogramm eingebunden und dient im modern rhythmisierten Schultag des Gymnasiums Wanne der St\u00e4rkung, Entspannung und Erholung. Sch\u00fclerinnen und Sch\u00fcler essen gemeinsam mit ihren Lehrerinnen und Lehrern in einem freundlichen Raum und erfahren so das gemeinsame Einnehmen einer Mahlzeit als wichtigen Bestandteil der Kommunikation und der Schulkultur. Das Essen ist vielf\u00e4ltig und abwechslungsreich, mit einem hohen Frischeanteil und gesund sowie schmackhaft.<\/p>\r\n\r\n<p>Das Gymnasium Wanne verf\u00fcgt \u00fcber eine eigene K\u00fcche, ein vierk\u00f6pfiges K\u00fcchenteam, das nur f\u00fcr uns kocht, und einen hellen, freundlichen Speisesaal. Das Mensa-Abonnement  umfasst w\u00f6chentlich drei warme Mahlzeiten an den Langtagen Montag, Mittwoch und Donnerstag. Die Sch\u00fclerinnen und Sch\u00fcler k\u00f6nnen t\u00e4glich aus den folgenden f\u00fcnf Komponenten ausw\u00e4hlen: Salatbar mit t\u00e4glich wechselnd frischen Gem\u00fcsen und Salaten, Tagesgericht, Nudelbar mit zwei Sorten Nudeln und zwei verschiedene Saucen zur Wahl, Obstbar mit frischem, kleingeschnittenem Obst verschiedener Sorten und M\u00fcsli, Joghurt und Quark. Au\u00dferdem stehen als Getr\u00e4nk stilles Wasser, Saft, Tee oder Mineralwasser bereit. Die Sch\u00fclerinnen und Sch\u00fcler eines Abonnements k\u00f6nnen aus allen Komponenten frei w\u00e4hlen, individuell alle Speisen miteinander kombinieren und beliebig oft nachnehmen.<p>\r\n\r\n\t\t\t\t\t\t  <\/div>\r\n\t\t\t\t\t\t<\/div>\r\n\t\t\t\t\t<\/div>\r\n\t\t\t\t\t<!-- Inner panel End -->\r\n\t\t\t\t\t\r\n\t\t\t\t\t\t\t\t\r\n\t\t\t\t\t<!-- Inner panel Start -->\r\n\t\t\t\t\t<div class=\"wpsm_panel wpsm_panel-default\">\r\n\t\t\t\t\t\t<div class=\"wpsm_panel-heading\" role=\"tab\" >\r\n\t\t\t\t\t\t  <h4 class=\"wpsm_panel-title\">\r\n\t\t\t\t\t\t\t<a  class=\"collapsed\"  data-toggle=\"collapse\" data-parent=\"#wpsm_accordion_1385 \" href=\"javascript:void(0)\" data-target=\"#ac_1385_collapse7\" onclick=\"do_resize()\">\r\n\t\t\t\t\t\t\t\t\t\t\t\t\t\t\t\t\t<span class=\"ac_open_cl_icon fa fa-plus\"><\/span>\r\n\t\t\t\t\t\t\t\t\t\r\n\t\t\t\t\t\t\t\t \r\n\t\t\t\t\t\t\t\t<span class=\"ac_title_class\">\r\n\t\t\t\t\t\t\t\t\tSuchtpr\u00e4vention\t\t\t\t\t\t\t\t<\/span>\r\n\t\t\t\t\t\t\t<\/a>\r\n\t\t\t\t\t\t  <\/h4>\r\n\t\t\t\t\t\t<\/div>\r\n\t\t\t\t\t\t<div id=\"ac_1385_collapse7\" class=\"wpsm_panel-collapse collapse \"  >\r\n\t\t\t\t\t\t  <div class=\"wpsm_panel-body\">\r\n\t\t\t\t\t\t\t<p>Suchtverhalten wird nicht nur im Unterricht der verschiedenen F\u00e4cher thematisiert, wenn es sich aus dem Unterricht ergibt, sondern die Auseinandersetzung damit wird auch durch regelm\u00e4\u00dfige Veranstaltungen mit externen Partnern gew\u00e4hrleistet. In der Jahrgangsstufe 7 f\u00fchren wir zusammen mit der \u201eFachstelle f\u00fcr Suchtpr\u00e4vention\u201c in Herne ein zwei Projekttage zum Thema Sucht durch. In Jahrgangsstufe 9 kommt die \u201eTour des Lebens\u201c zu uns, die eine Alkohol- und Drogenpr\u00e4vention mit Unterst\u00fctzung der AOK Herne bei uns durchf\u00fchrt. Damit haben wir neben unserer sozialp\u00e4dagogischen Fachkraft an der Schule weitere kompetente Ansprechpartner f\u00fcr alle Bereiche der Suchtpr\u00e4vention, die uns auch bei speziellen Fragestellungen unterst\u00fctzen k\u00f6nnen.<\/p>\t\t\t\t\t\t  <\/div>\r\n\t\t\t\t\t\t<\/div>\r\n\t\t\t\t\t<\/div>\r\n\t\t\t\t\t<!-- Inner panel End -->\r\n\t\t\t\t\t\r\n\t\t\t\t\t\t\t<\/div>\r\n\t\t\t\r\n<script type=\"text\/javascript\">\r\n\t\r\n\t\tfunction do_resize(){\r\n\r\n\t\t\tvar width=jQuery( '.wpsm_panel .wpsm_panel-body iframe' ).width();\r\n\t\t\tvar height=jQuery( '.wpsm_panel .wpsm_panel-body iframe' ).height();\r\n\r\n\t\t\tvar toggleSize = true;\r\n\t\t\tjQuery('iframe').animate({\r\n\t\t\t    width: toggleSize ? width : 640,\r\n\t\t\t    height: toggleSize ? height : 360\r\n\t\t\t  }, 250);\r\n\r\n\t\t\t  toggleSize = !toggleSize;\r\n\t\t}\r\n\t\t\r\n<\/script>\t\n","protected":false},"excerpt":{"rendered":"<p>Sport und Gesundheit Als die Schulkonferenz im Jahr 2009 beschloss, dass Gymnasium Wanne als erstes Herner Gymnasium zu einer gebundenen Ganztagsschule auszubauen, r\u00fcckten mit den abzusehenden Ver\u00e4nderungen in Bezug auf Lernrhythmisierung und Arbeitsbelastung auch Themen wie gesunde Ern\u00e4hrung und Bewegung &hellip; <a href=\"https:\/\/www.gymnasium-wanne.de\/wordpress\/?p=1385\">Weiter<\/a><\/p>\n","protected":false},"author":2,"featured_media":0,"parent":539,"menu_order":0,"comment_status":"closed","ping_status":"closed","template":"","meta":{"footnotes":""},"class_list":["post-1353","page","type-page","status-publish","hentry"],"publishpress_future_action":{"enabled":false,"date":"2026-05-07 18:52:31","action":"change-status","newStatus":"draft","terms":[],"taxonomy":"","extraData":[]},"publishpress_future_workflow_manual_trigger":{"enabledWorkflows":[]},"_links":{"self":[{"href":"https:\/\/www.gymnasium-wanne.de\/wordpress\/wp-json\/wp\/v2\/pages\/1353","targetHints":{"allow":["GET"]}}],"collection":[{"href":"https:\/\/www.gymnasium-wanne.de\/wordpress\/wp-json\/wp\/v2\/pages"}],"about":[{"href":"https:\/\/www.gymnasium-wanne.de\/wordpress\/wp-json\/wp\/v2\/types\/page"}],"author":[{"embeddable":true,"href":"https:\/\/www.gymnasium-wanne.de\/wordpress\/wp-json\/wp\/v2\/users\/2"}],"replies":[{"embeddable":true,"href":"https:\/\/www.gymnasium-wanne.de\/wordpress\/wp-json\/wp\/v2\/comments?post=1353"}],"version-history":[{"count":3,"href":"https:\/\/www.gymnasium-wanne.de\/wordpress\/wp-json\/wp\/v2\/pages\/1353\/revisions"}],"predecessor-version":[{"id":1399,"href":"https:\/\/www.gymnasium-wanne.de\/wordpress\/wp-json\/wp\/v2\/pages\/1353\/revisions\/1399"}],"up":[{"embeddable":true,"href":"https:\/\/www.gymnasium-wanne.de\/wordpress\/wp-json\/wp\/v2\/pages\/539"}],"wp:attachment":[{"href":"https:\/\/www.gymnasium-wanne.de\/wordpress\/wp-json\/wp\/v2\/media?parent=1353"}],"curies":[{"name":"wp","href":"https:\/\/api.w.org\/{rel}","templated":true}]}}