{"id":105,"date":"2016-09-12T17:35:59","date_gmt":"2016-09-12T15:35:59","guid":{"rendered":"http:\/\/www.gymnasium-wanne.de\/wordpress\/?page_id=105"},"modified":"2023-08-14T11:48:22","modified_gmt":"2023-08-14T09:48:22","slug":"mensa","status":"publish","type":"page","link":"https:\/\/www.gymnasium-wanne.de\/wordpress\/ganztag\/mensa\/","title":{"rendered":"Mensa"},"content":{"rendered":"<div class=\"art-post-inner\">\n<div id=\"art-main\">\n<div class=\"art-box art-sheet\">\n<div class=\"art-box-body art-sheet-body\">\n<div class=\"art-layout-wrapper\">\n<div class=\"art-content-layout\">\n<div class=\"art-content-layout-row\">\n<div class=\"art-layout-cell art-content\">\n<div class=\"item-page\">\n<div class=\"art-box art-post\">\n<div class=\"art-box-body art-post-body\">\n<div class=\"art-post-inner\">\n<div class=\"art-postcontent\">\n<div class=\"art-article\">\n<p><img loading=\"lazy\" decoding=\"async\" class=\"alignnone wp-image-363 size-large\" src=\"http:\/\/www.gymnasium-wanne.de\/wordpress\/wp-content\/uploads\/2016\/10\/mensa-bilderleiste-oben-1024x123.jpg\" alt=\"mensa-bilderleiste-oben\" width=\"700\" height=\"84\" srcset=\"https:\/\/www.gymnasium-wanne.de\/wordpress\/wp-content\/uploads\/2016\/10\/mensa-bilderleiste-oben-1024x123.jpg 1024w, https:\/\/www.gymnasium-wanne.de\/wordpress\/wp-content\/uploads\/2016\/10\/mensa-bilderleiste-oben-300x36.jpg 300w, https:\/\/www.gymnasium-wanne.de\/wordpress\/wp-content\/uploads\/2016\/10\/mensa-bilderleiste-oben-768x92.jpg 768w, https:\/\/www.gymnasium-wanne.de\/wordpress\/wp-content\/uploads\/2016\/10\/mensa-bilderleiste-oben.jpg 1989w\" sizes=\"auto, (max-width: 700px) 100vw, 700px\" \/><\/p>\n<p>Das Gymnasium Wanne verf\u00fcgt \u00fcber eine eigene K\u00fcche, ein K\u00fcchenteam, das nur f\u00fcr uns kocht, und einen hellen, freundlichen Speisesaal.<\/p>\n<p><img loading=\"lazy\" decoding=\"async\" class=\"size-medium wp-image-370 alignnone\" src=\"http:\/\/www.gymnasium-wanne.de\/wordpress\/wp-content\/uploads\/2016\/10\/mensa-speisesaal-300x224.jpg\" alt=\"mensa-speisesaal\" width=\"300\" height=\"224\" srcset=\"https:\/\/www.gymnasium-wanne.de\/wordpress\/wp-content\/uploads\/2016\/10\/mensa-speisesaal-300x224.jpg 300w, https:\/\/www.gymnasium-wanne.de\/wordpress\/wp-content\/uploads\/2016\/10\/mensa-speisesaal.jpg 325w\" sizes=\"auto, (max-width: 300px) 100vw, 300px\" \/><\/p>\n<p>Das Mensa-Abonnement (34,80 \u20ac pro Monat) umfasst w\u00f6chentlich drei warme Mahlzeiten an den Langtagen (Montag, Mittwoch und Donnerstag).<br \/>\nDie Sch\u00fclerinnen und Sch\u00fcler k\u00f6nnen t\u00e4glich aus den folgenden <strong>f\u00fcnf Komponenten<\/strong> ausw\u00e4hlen:<\/p>\n<ul>\n<li><strong>Salatbar<br \/>\n<\/strong>t\u00e4glich wechselnd frisches Gem\u00fcse und Salate<br \/>\nje zwei Dressings zur Auswahl<\/li>\n<\/ul>\n<p><img loading=\"lazy\" decoding=\"async\" class=\"size-medium wp-image-368\" src=\"http:\/\/www.gymnasium-wanne.de\/wordpress\/wp-content\/uploads\/2016\/10\/mensa-salatbar-300x225.jpg\" alt=\"OLYMPUS DIGITAL CAMERA\" width=\"300\" height=\"225\" srcset=\"https:\/\/www.gymnasium-wanne.de\/wordpress\/wp-content\/uploads\/2016\/10\/mensa-salatbar-300x225.jpg 300w, https:\/\/www.gymnasium-wanne.de\/wordpress\/wp-content\/uploads\/2016\/10\/mensa-salatbar.jpg 320w\" sizes=\"auto, (max-width: 300px) 100vw, 300px\" \/><\/p>\n<ul>\n<li><strong>Tagesgericht<br \/>\n<\/strong>z.B. Seelachsfilet im Backteig mit Kartoffeln und Kr\u00e4utersenfsauce, Cevapcici mit Reis und Tsatziki oder Gefl\u00fcgelgeschnetzeltes in Rahmsauce mit Kroketten oder Sp\u00e4tzle<\/li>\n<\/ul>\n<p><img loading=\"lazy\" decoding=\"async\" class=\"alignnone wp-image-371 size-full\" src=\"http:\/\/www.gymnasium-wanne.de\/wordpress\/wp-content\/uploads\/2016\/10\/mensa-tagesgerichte.jpg\" alt=\"mensa-tagesgerichte\" width=\"986\" height=\"240\" srcset=\"https:\/\/www.gymnasium-wanne.de\/wordpress\/wp-content\/uploads\/2016\/10\/mensa-tagesgerichte.jpg 986w, https:\/\/www.gymnasium-wanne.de\/wordpress\/wp-content\/uploads\/2016\/10\/mensa-tagesgerichte-300x73.jpg 300w, https:\/\/www.gymnasium-wanne.de\/wordpress\/wp-content\/uploads\/2016\/10\/mensa-tagesgerichte-768x187.jpg 768w\" sizes=\"auto, (max-width: 986px) 100vw, 986px\" \/><\/p>\n<ul>\n<li><strong>Nudelbar<br \/>\n<\/strong>zwei Sorten Nudeln zur Wahl<br \/>\nzwei verschiedene Saucen (z.B. Sauce Bolognese mit Rindfleisch und eine vegetarische Sauce)<\/li>\n<\/ul>\n<p><img loading=\"lazy\" decoding=\"async\" class=\"alignnone size-medium wp-image-366\" src=\"http:\/\/www.gymnasium-wanne.de\/wordpress\/wp-content\/uploads\/2016\/10\/mensa-nudelbar-300x141.jpg\" alt=\"mensa-nudelbar\" width=\"300\" height=\"141\" srcset=\"https:\/\/www.gymnasium-wanne.de\/wordpress\/wp-content\/uploads\/2016\/10\/mensa-nudelbar-300x141.jpg 300w, https:\/\/www.gymnasium-wanne.de\/wordpress\/wp-content\/uploads\/2016\/10\/mensa-nudelbar.jpg 320w\" sizes=\"auto, (max-width: 300px) 100vw, 300px\" \/><\/p>\n<ul>\n<li><strong>Frisches, kleingeschnittenes Obst (jeweils mehrere verschiedene Sorten)<\/strong><\/li>\n<\/ul>\n<p><img loading=\"lazy\" decoding=\"async\" class=\"size-medium wp-image-367\" src=\"http:\/\/www.gymnasium-wanne.de\/wordpress\/wp-content\/uploads\/2016\/10\/mensa-obstbar-300x225.jpg\" alt=\"OLYMPUS DIGITAL CAMERA\" width=\"300\" height=\"225\" srcset=\"https:\/\/www.gymnasium-wanne.de\/wordpress\/wp-content\/uploads\/2016\/10\/mensa-obstbar-300x225.jpg 300w, https:\/\/www.gymnasium-wanne.de\/wordpress\/wp-content\/uploads\/2016\/10\/mensa-obstbar.jpg 320w\" sizes=\"auto, (max-width: 300px) 100vw, 300px\" \/><\/p>\n<ul>\n<li><strong>\u00a0<\/strong><strong>M\u00fcsli, Jogurt und Quark<\/strong><\/li>\n<\/ul>\n<p><strong><img loading=\"lazy\" decoding=\"async\" class=\"alignnone size-medium wp-image-365\" src=\"http:\/\/www.gymnasium-wanne.de\/wordpress\/wp-content\/uploads\/2016\/10\/mensa-mueslibar-300x225.jpg\" alt=\"mensa-mueslibar\" width=\"300\" height=\"225\" srcset=\"https:\/\/www.gymnasium-wanne.de\/wordpress\/wp-content\/uploads\/2016\/10\/mensa-mueslibar-300x225.jpg 300w, https:\/\/www.gymnasium-wanne.de\/wordpress\/wp-content\/uploads\/2016\/10\/mensa-mueslibar.jpg 320w\" sizes=\"auto, (max-width: 300px) 100vw, 300px\" \/><\/strong><\/p>\n<p>au\u00dferdem als Getr\u00e4nk stilles Wasser, Saft, Tee oder Mineralwasser<\/p>\n<p><strong><em>Jede(-r) Inhaber(-in) eines Abonnements kann aus allen Komponenten frei w\u00e4hlen, individuell alle Speisen miteinander kombinieren und beliebig oft nachnehmen.<\/em><\/strong><\/p>\n<\/div>\n<\/div>\n<\/div>\n<\/div>\n<\/div>\n<\/div>\n<\/div>\n<\/div>\n<\/div>\n<\/div>\n<\/div>\n<\/div>\n<\/div>\n<\/div>\n<div class=\"art-post-inner\">\n<div id=\"art-main\">\n<div class=\"art-box art-sheet\">\n<div class=\"art-box-body art-sheet-body\">\n<div class=\"art-layout-wrapper\">\n<div class=\"art-content-layout\">\n<div class=\"art-content-layout-row\">\n<div class=\"art-layout-cell art-content\">\n<div class=\"item-page\">\n<div class=\"art-box art-post\">\n<div class=\"art-box-body art-post-body\">\n<div class=\"art-post-inner\">\n<div class=\"art-postcontent\">\n<div class=\"art-article\">\n<p><img loading=\"lazy\" decoding=\"async\" class=\"alignnone wp-image-364 size-large\" src=\"http:\/\/www.gymnasium-wanne.de\/wordpress\/wp-content\/uploads\/2016\/10\/mensa-bilderleiste-unten-1024x123.jpg\" alt=\"mensa-bilderleiste-unten\" width=\"700\" height=\"84\" srcset=\"https:\/\/www.gymnasium-wanne.de\/wordpress\/wp-content\/uploads\/2016\/10\/mensa-bilderleiste-unten-1024x123.jpg 1024w, https:\/\/www.gymnasium-wanne.de\/wordpress\/wp-content\/uploads\/2016\/10\/mensa-bilderleiste-unten-300x36.jpg 300w, https:\/\/www.gymnasium-wanne.de\/wordpress\/wp-content\/uploads\/2016\/10\/mensa-bilderleiste-unten-768x92.jpg 768w, https:\/\/www.gymnasium-wanne.de\/wordpress\/wp-content\/uploads\/2016\/10\/mensa-bilderleiste-unten.jpg 1993w\" sizes=\"auto, (max-width: 700px) 100vw, 700px\" \/><\/p>\n<\/div>\n<\/div>\n<\/div>\n<\/div>\n<\/div>\n<\/div>\n<\/div>\n<\/div>\n<\/div>\n<\/div>\n<\/div>\n<\/div>\n<\/div>\n<\/div>\n","protected":false},"excerpt":{"rendered":"<p>Das Gymnasium Wanne verf\u00fcgt \u00fcber eine eigene K\u00fcche, ein K\u00fcchenteam, das nur f\u00fcr uns kocht, und einen hellen, freundlichen Speisesaal. Das Mensa-Abonnement (34,80 \u20ac pro Monat) umfasst w\u00f6chentlich drei warme Mahlzeiten an den Langtagen (Montag, Mittwoch und Donnerstag). Die Sch\u00fclerinnen &hellip; <a href=\"https:\/\/www.gymnasium-wanne.de\/wordpress\/ganztag\/mensa\/\">Weiter<\/a><\/p>\n","protected":false},"author":2,"featured_media":0,"parent":61,"menu_order":0,"comment_status":"closed","ping_status":"closed","template":"","meta":{"footnotes":""},"class_list":["post-105","page","type-page","status-publish","hentry"],"publishpress_future_action":{"enabled":false,"date":"2026-05-12 12:36:13","action":"change-status","newStatus":"draft","terms":[],"taxonomy":"","extraData":[]},"publishpress_future_workflow_manual_trigger":{"enabledWorkflows":[]},"_links":{"self":[{"href":"https:\/\/www.gymnasium-wanne.de\/wordpress\/wp-json\/wp\/v2\/pages\/105","targetHints":{"allow":["GET"]}}],"collection":[{"href":"https:\/\/www.gymnasium-wanne.de\/wordpress\/wp-json\/wp\/v2\/pages"}],"about":[{"href":"https:\/\/www.gymnasium-wanne.de\/wordpress\/wp-json\/wp\/v2\/types\/page"}],"author":[{"embeddable":true,"href":"https:\/\/www.gymnasium-wanne.de\/wordpress\/wp-json\/wp\/v2\/users\/2"}],"replies":[{"embeddable":true,"href":"https:\/\/www.gymnasium-wanne.de\/wordpress\/wp-json\/wp\/v2\/comments?post=105"}],"version-history":[{"count":15,"href":"https:\/\/www.gymnasium-wanne.de\/wordpress\/wp-json\/wp\/v2\/pages\/105\/revisions"}],"predecessor-version":[{"id":4021,"href":"https:\/\/www.gymnasium-wanne.de\/wordpress\/wp-json\/wp\/v2\/pages\/105\/revisions\/4021"}],"up":[{"embeddable":true,"href":"https:\/\/www.gymnasium-wanne.de\/wordpress\/wp-json\/wp\/v2\/pages\/61"}],"wp:attachment":[{"href":"https:\/\/www.gymnasium-wanne.de\/wordpress\/wp-json\/wp\/v2\/media?parent=105"}],"curies":[{"name":"wp","href":"https:\/\/api.w.org\/{rel}","templated":true}]}}